
{"version":"1.0","provider_name":"Prograin - Canada","provider_url":"https:\/\/prograin.ca\/ca","author_name":"devmxo","author_url":"https:\/\/prograin.ca\/ca\/author\/devmxo\/","title":"Ventilation et s\u00e9chage du grain - Prograin - Canada","type":"rich","width":600,"height":338,"html":"<blockquote class=\"wp-embedded-content\" data-secret=\"6aYRvAsMyh\"><a href=\"https:\/\/prograin.ca\/ca\/fr\/2023\/10\/05\/ventilation-et-sechage-du-grain\/\">Ventilation et s\u00e9chage du grain<\/a><\/blockquote><iframe sandbox=\"allow-scripts\" security=\"restricted\" src=\"https:\/\/prograin.ca\/ca\/fr\/2023\/10\/05\/ventilation-et-sechage-du-grain\/embed\/#?secret=6aYRvAsMyh\" width=\"600\" height=\"338\" title=\"&laquo; Ventilation et s\u00e9chage du grain &raquo; &#8212; Prograin - Canada\" data-secret=\"6aYRvAsMyh\" frameborder=\"0\" marginwidth=\"0\" marginheight=\"0\" scrolling=\"no\" class=\"wp-embedded-content\"><\/iframe><script type=\"text\/javascript\">\n\/*! This file is auto-generated *\/\n!function(c,d){\"use strict\";var e=!1,o=!1;if(d.querySelector)if(c.addEventListener)e=!0;if(c.wp=c.wp||{},c.wp.receiveEmbedMessage);else if(c.wp.receiveEmbedMessage=function(e){var t=e.data;if(!t);else if(!(t.secret||t.message||t.value));else if(\/[^a-zA-Z0-9]\/.test(t.secret));else{for(var r,s,a,i=d.querySelectorAll('iframe[data-secret=\"'+t.secret+'\"]'),n=d.querySelectorAll('blockquote[data-secret=\"'+t.secret+'\"]'),o=new RegExp(\"^https?:$\",\"i\"),l=0;l<n.length;l++)n[l].style.display=\"none\";for(l=0;l<i.length;l++)if(r=i[l],e.source!==r.contentWindow);else{if(r.removeAttribute(\"style\"),\"height\"===t.message){if(1e3<(s=parseInt(t.value,10)))s=1e3;else if(~~s<200)s=200;r.height=s}if(\"link\"===t.message)if(s=d.createElement(\"a\"),a=d.createElement(\"a\"),s.href=r.getAttribute(\"src\"),a.href=t.value,!o.test(a.protocol));else if(a.host===s.host)if(d.activeElement===r)c.top.location.href=t.value}}},e)c.addEventListener(\"message\",c.wp.receiveEmbedMessage,!1),d.addEventListener(\"DOMContentLoaded\",t,!1),c.addEventListener(\"load\",t,!1);function t(){if(o);else{o=!0;for(var e,t,r,s=-1!==navigator.appVersion.indexOf(\"MSIE 10\"),a=!!navigator.userAgent.match(\/Trident.*rv:11\\.\/),i=d.querySelectorAll(\"iframe.wp-embedded-content\"),n=0;n<i.length;n++){if(!(r=(t=i[n]).getAttribute(\"data-secret\")))r=Math.random().toString(36).substr(2,10),t.src+=\"#?secret=\"+r,t.setAttribute(\"data-secret\",r);if(s||a)(e=t.cloneNode(!0)).removeAttribute(\"security\"),t.parentNode.replaceChild(e,t);t.contentWindow.postMessage({message:\"ready\",secret:r},\"*\")}}}}(window,document);\n<\/script>\n","thumbnail_url":"https:\/\/prograin.ca\/app\/uploads\/sites\/3\/2023\/10\/Ventilation.jpg","thumbnail_width":2000,"thumbnail_height":1335,"description":"Une grande part de la qualit\u00e9 du grain de soya d\u00e9pend de la ventilation et du s\u00e9chage. Ces facteurs sont essentiels pour pr\u00e9server le potentiel de transformation ou de germination du soya cultiv\u00e9 au pays. Il est possible de s\u00e9cher \u00e0 basse temp\u00e9rature ou encore \u00e0 l\u2019air ambiant. S\u00e9chage \u00e0 basse temp\u00e9rature Quand le grain [&hellip;]"}

Ventilation et séchage du grain - Prograin - Canada

<blockquote class="wp-embedded-content" data-secret="6aYRvAsMyh"><a href="https://prograin.ca/ca/fr/2023/10/05/ventilation-et-sechage-du-grain/">Ventilation et séchage du grain</a></blockquote><iframe sandbox="allow-scripts" security="restricted" src="https://prograin.ca/ca/fr/2023/10/05/ventilation-et-sechage-du-grain/embed/#?secret=6aYRvAsMyh" width="600" height="338" title="&laquo; Ventilation et séchage du grain &raquo; &#8212; Prograin - Canada" data-secret="6aYRvAsMyh" frameborder="0" marginwidth="0" marginheight="0" scrolling="no" class="wp-embedded-content"></iframe><script type="text/javascript">
/*! This file is auto-generated */
!function(c,d){"use strict";var e=!1,o=!1;if(d.querySelector)if(c.addEventListener)e=!0;if(c.wp=c.wp||{},c.wp.receiveEmbedMessage);else if(c.wp.receiveEmbedMessage=function(e){var t=e.data;if(!t);else if(!(t.secret||t.message||t.value));else if(/[^a-zA-Z0-9]/.test(t.secret));else{for(var r,s,a,i=d.querySelectorAll('iframe[data-secret="'+t.secret+'"]'),n=d.querySelectorAll('blockquote[data-secret="'+t.secret+'"]'),o=new RegExp("^https?:$","i"),l=0;l<n.length;l++)n[l].style.display="none";for(l=0;l<i.length;l++)if(r=i[l],e.source!==r.contentWindow);else{if(r.removeAttribute("style"),"height"===t.message){if(1e3<(s=parseInt(t.value,10)))s=1e3;else if(~~s<200)s=200;r.height=s}if("link"===t.message)if(s=d.createElement("a"),a=d.createElement("a"),s.href=r.getAttribute("src"),a.href=t.value,!o.test(a.protocol));else if(a.host===s.host)if(d.activeElement===r)c.top.location.href=t.value}}},e)c.addEventListener("message",c.wp.receiveEmbedMessage,!1),d.addEventListener("DOMContentLoaded",t,!1),c.addEventListener("load",t,!1);function t(){if(o);else{o=!0;for(var e,t,r,s=-1!==navigator.appVersion.indexOf("MSIE 10"),a=!!navigator.userAgent.match(/Trident.*rv:11\./),i=d.querySelectorAll("iframe.wp-embedded-content"),n=0;n<i.length;n++){if(!(r=(t=i[n]).getAttribute("data-secret")))r=Math.random().toString(36).substr(2,10),t.src+="#?secret="+r,t.setAttribute("data-secret",r);if(s||a)(e=t.cloneNode(!0)).removeAttribute("security"),t.parentNode.replaceChild(e,t);t.contentWindow.postMessage({message:"ready",secret:r},"*")}}}}(window,document);
</script>

Une grande part de la qualité du grain de soya dépend de la ventilation et du séchage. Ces facteurs sont essentiels pour préserver le potentiel de transformation ou de germination du soya cultivé au pays. Il est possible de sécher à basse température ou encore à l’air ambiant. Séchage à basse température Quand le grain [&hellip;]
