
{"id":19515,"date":"2019-01-31T16:25:46","date_gmt":"2019-01-31T16:25:46","guid":{"rendered":"https:\/\/prograin.ca\/?page_id=19515"},"modified":"2019-04-29T15:16:39","modified_gmt":"2019-04-29T15:16:39","slug":"conditionnement","status":"publish","type":"page","link":"https:\/\/prograin.ca\/international\/fr\/soyas\/conditionnement\/","title":{"rendered":"Conditionnement"},"content":{"rendered":"\n<div class=\"wp-block-balise-section-block alignfull _sectionblock has-1-columns\">\n<div class=\" verticalbg\" style=\"color:#ffffff;background-image:url(https:\/\/prograin.ca\/app\/uploads\/sites\/3\/2019\/03\/323772911.jpg);background-size:cover;padding-top:60px;padding-bottom:60px;padding-left:10px;padding-right:10px\"><div class=\"verticalbg\" style=\"background-image:url(https:\/\/prograin.ca\/app\/uploads\/2019\/01\/conditionnement_header.jpg);background-size:cover\"><\/div><iframe class=\"videobg\" src=\"https:\/\/player.vimeo.com\/video\/323772911?background=1&amp;autoplay=1&amp;byline=0&amp;title=0&amp;muted=1\" frameborder=\"0\" allowfullscreen><\/iframe><div class=\"inside\" style=\"margin:0 auto\">\n<h3 class=\"is-style-blanc\">Toutes nos \u00e9tapes de production sont pens\u00e9es en fonction de la qualit\u00e9. Un suivi rigoureux ob\u00e9issant \u00e0 des standards pr\u00e9cis est effectu\u00e9 par le producteur et par Prograin<\/h3>\n\n\n\n<div class=\"wp-container-3 wp-block-columns has-2-columns\">\n<div class=\"wp-container-1 wp-block-column\">\n<p>Peu importe le mode de livraison \u2014 en vrac ou en sacs \u2014 nos clients sont assur\u00e9s de recevoir les produits command\u00e9s dans les bons formats et respectant les exigences d\u2019\u00e9tiquetage de <a href=\"http:\/\/www.inspection.gc.ca\/vegetaux\/fra\/1299162629094\/1299162708850\" target=\"_blank\" rel=\"noreferrer noopener\" aria-label=\" (opens in a new tab)\">l\u2019Agence canadienne d\u2019inspection des aliments (ACIA)<\/a>.<\/p>\n<\/div>\n\n\n\n<div class=\"wp-container-2 wp-block-column\"><\/div>\n<\/div>\n<\/div><\/div>\n<\/div>\n\n\n\n<div class=\"wp-block-balise-section-block alignfull _sectionblock has-1-columns\">\n<div class=\"\" style=\"background-size:cover;padding-top:60px;padding-bottom:60px;padding-left:10px;padding-right:10px\"><div class=\"verticalbg\" style=\"background-size:cover\"><\/div><div class=\"inside\" style=\"margin:0 auto\">\n<h3 class=\"is-style-orange\">Nos certifications <\/h3>\n\n\n\n<div class=\"wp-container-7 wp-block-columns has-3-columns\">\n<div class=\"wp-container-4 wp-block-column\">\n<figure class=\"wp-block-image is-resized hide-mobile, hide-tablet\"><img loading=\"lazy\" src=\"https:\/\/prograin.ca\/app\/uploads\/2019\/01\/conditionnement_HAACP@2x.jpg\" alt=\"\" class=\"wp-image-19525\" width=\"191\" height=\"220\" srcset=\"https:\/\/prograin.ca\/app\/uploads\/sites\/5\/2019\/01\/conditionnement_HAACP@2x.jpg 382w, https:\/\/prograin.ca\/app\/uploads\/sites\/5\/2019\/01\/conditionnement_HAACP@2x-260x300.jpg 260w\" sizes=\"(max-width: 191px) 100vw, 191px\" \/><\/figure>\n<\/div>\n\n\n\n<div class=\"wp-container-5 wp-block-column\">\n<p>\u00c9tant certifi\u00e9s <a href=\"https:\/\/www.mapaq.gouv.qc.ca\/fr\/Transformation\/Qualitedesaliments\/ameliorationqualite\/Pages\/Controlequalite.aspx\" target=\"_blank\" rel=\"noreferrer noopener\" aria-label=\" (opens in a new tab)\">HACCP<\/a> (normes internationales d\u2019innocuit\u00e9 et de s\u00e9curit\u00e9 des aliments), nous garantissons la salubrit\u00e9 alimentaire de notre soya.<\/p>\n<\/div>\n\n\n\n<div class=\"wp-container-6 wp-block-column\">\n<p>Avec la certification du<a href=\"https:\/\/grainscanada.gc.ca\/fr\/industrie\/salubrite-grains\/scrs-analyse-risques.html\" target=\"_blank\" rel=\"noreferrer noopener\" aria-label=\" (opens in a new tab)\"> Syst\u00e8me canadien de reconnaissance de la s\u00e9gr\u00e9gation (SCRS),<\/a> nous garantissons tout le processus de production de soya \u00e0 identit\u00e9 pr\u00e9serv\u00e9e, du producteur de semences jusqu\u2019\u00e0 l\u2019exp\u00e9dition chez notre client final. Prograin documente la <a href=\"https:\/\/prograin.ca\/international\/soyas\/tracabilite\/\">tra\u00e7abilit\u00e9 compl\u00e8te<\/a>\u00a0de toutes ses vari\u00e9t\u00e9s de soya.<\/p>\n<\/div>\n<\/div>\n\n\n\n<div class=\"wp-block-balise-section-block alignfull _sectionblock has-2-columns\">\n<div class=\"\" style=\"background-size:cover;padding-top:60px;padding-bottom:60px;padding-left:10px;padding-right:10px\"><div class=\"verticalbg\" style=\"background-size:cover\"><\/div><div class=\"inside\" style=\"margin:0 auto\">\n<h3 class=\"is-style-orange\">Des installations \u00e0 la fine pointe de la technologie et \u00e0 la hauteur de notre r\u00e9putation<\/h3>\n\n\n\n<hr class=\"wp-block-separator\"\/>\n\n\n\n<p>Figurant parmi les plus modernes \u00e0 l\u2019\u00e9chelle canadienne, notre gamme d\u2019\u00e9quipements compte notamment des nettoyeurs ultraperformants, des trieuses de couleurs et des robots pour la mise sur palettes des petits sacs.   <\/p>\n\n\n\n<h3 class=\"is-style-orange\">Une \u00e9quipe comp\u00e9tente pour fournir un produit de qualit\u00e9 irr\u00e9prochable!<\/h3>\n\n\n\n<hr class=\"wp-block-separator\"\/>\n\n\n\n<p>Tous les employ\u00e9s de Prograin sont parfaitement conscients que le produit manipul\u00e9 est destin\u00e9 \u00e0 la consommation humaine. La qualit\u00e9 et la salubrit\u00e9 de nos produits figurent parmi les consid\u00e9rations prioritaires dans l\u2019esprit de l\u2019ensemble de notre personnel.<\/p>\n<\/div><\/div>\n\n\n\n<div class=\"\" style=\"background-image:url(https:\/\/prograin.ca\/app\/uploads\/2019\/01\/conditionnement_1.jpg);background-size:cover;padding-top:250px;padding-bottom:250px\"><div class=\"verticalbg\" style=\"background-size:cover\"><\/div><div class=\"inside\" style=\"margin:0 auto\"><\/div><\/div>\n<\/div>\n<\/div><\/div>\n<\/div>\n\n\n\n<div class=\"wp-block-balise-section-block alignfull _sectionblock has-2-columns\">\n<div class=\"\" style=\"background-image:url(https:\/\/prograin.ca\/app\/uploads\/2019\/01\/conditionnement_2.jpg);background-size:cover\"><div class=\"verticalbg\" style=\"background-size:cover\"><\/div><div class=\"inside\" style=\"margin:0 auto\"><\/div><\/div>\n\n\n\n<div class=\"\" style=\"background-size:cover;padding-top:60px;padding-bottom:60px;padding-left:10px;padding-right:10px\"><div class=\"verticalbg\" style=\"background-size:cover\"><\/div><div class=\"inside\" style=\"margin:0 auto\">\n<h3 class=\"is-style-orange\">Nettoyage et criblage \u00e0 la fine pointe de la technologie<\/h3>\n\n\n\n<hr class=\"wp-block-separator\"\/>\n\n\n\n<p>Toutes les \u00e9tapes sont optimis\u00e9es par l\u2019usage d\u2019une technologie de pointe&nbsp;: <\/p>\n\n\n\n<p style=\"background-color:#f7f7f7\" class=\"has-background\">Pr\u00e9 nettoyage<br> <br>Calibrage <br><br>Triage sur roulement <br><br>D\u00e9tection de m\u00e9taux ferreux et non ferreux<br><br>Triage avec s\u00e9lecteur de couleur haute performance pour assurer la qualit\u00e9 visuelle du soya <br><br>Aspiration finale <br><br>Aimants <\/p>\n<\/div><\/div>\n<\/div>\n\n\n\n<div class=\"wp-block-balise-section-block alignfull _sectionblock has-2-columns\">\n<div class=\"\" style=\"background-size:cover;padding-top:60px;padding-bottom:60px;padding-left:30px;padding-right:30px\"><div class=\"verticalbg\" style=\"background-size:cover\"><\/div><div class=\"inside\" style=\"margin:0 auto\">\n<h3 class=\"is-style-orange\">Emballage automatis\u00e9 et entreposage <\/h3>\n\n\n\n<hr class=\"wp-block-separator\"\/>\n\n\n\n<p>Notre nouveau syst\u00e8me automatis\u00e9 d\u2019ensachage et de palettisation assure la salubrit\u00e9 et la puret\u00e9 des soyas destin\u00e9s \u00e0 l\u2019alimentation humaine.<\/p>\n\n\n\n<h3 class=\"is-style-orange\">Logistique et livraison<\/h3>\n\n\n\n<hr class=\"wp-block-separator\"\/>\n\n\n\n<p><a href=\"https:\/\/prograin.ca\/international\/nous-joindre\/\">Notre situation g\u00e9ographique<\/a> est id\u00e9ale gr\u00e2ce \u00e0 notre proximit\u00e9 de diverses installations portuaires. Nous pouvons ainsi livrer vers n\u2019importe quelle destination internationalement.<\/p>\n\n\n\n<p>Nous offrons la livraison routi\u00e8re, maritime, ferroviaire ou a\u00e9rienne \u00e0 des tarifs tr\u00e8s concurrentiels.<\/p>\n\n\n\n<p>Envois de sacs sur palettes solidement ceintur\u00e9s d\u2019un ruban de plastique r\u00e9sistant<\/p>\n\n\n\n<p style=\"background-color:#f7f7f7\" class=\"has-background\">Envois de sacs sur palettes solidement ceintur\u00e9s d\u2019un ruban de plastique r\u00e9sistant<br><br>Contr\u00f4les de qualit\u00e9 effectu\u00e9s PENDANT et APR\u00c8S le chargement<br><br>Conteneurs inspect\u00e9s avec rigueur et scell\u00e9s pour assurer l\u2019int\u00e9grit\u00e9 du contenu jusqu\u2019\u00e0 la destination finale.<br><br><a href=\"https:\/\/prograin.ca\/international\/soyas\/tracabilite\/\">Tra\u00e7abilit\u00e9 compl\u00e8te de chaque conteneur<\/a><\/p>\n<\/div><\/div>\n\n\n\n<div class=\"\" style=\"background-image:url(https:\/\/prograin.ca\/app\/uploads\/2019\/01\/conditionnement_3.jpg);background-size:cover;padding-top:250px;padding-bottom:250px\"><div class=\"verticalbg\" style=\"background-size:cover\"><\/div><div class=\"inside\" style=\"margin:0 auto\"><\/div><\/div>\n<\/div>\n\n\n\n<div class=\"wp-block-balise-section-block alignfull _sectionblock has-1-columns\">\n<div class=\"\" style=\"background-size:cover;padding-top:60px;padding-bottom:60px;padding-left:10px;padding-right:10px\"><div class=\"verticalbg\" style=\"background-size:cover\"><\/div><div class=\"inside\" style=\"margin:0 auto\">\n<div class=\"wp-container-10 wp-block-columns has-2-columns\">\n<div class=\"wp-container-8 wp-block-column\">\n<h3 id=\"mce_22\" class=\"is-style-orange\">Plusieurs formats offerts pour accommoder les besoins de nos clients!<\/h3>\n\n\n\n<hr class=\"wp-block-separator is-style-wide\"\/>\n<\/div>\n\n\n\n<div class=\"wp-container-9 wp-block-column\">\n<p style=\"background-color:#f7f7f7\" class=\"has-background\">Vrac (conteneur)<br><br>Gros sacs (T\u00f4tes) de diff\u00e9rents formats selon leur contenu (1 et 2 tonnes ; semences 3,0 ou 3,3 millions de grains)<br><br>Sacs de diff\u00e9rents formats&nbsp;: alimentaires 25 et 30 kg; semences de 100&nbsp;000 \u00e0 140&nbsp;000&nbsp;grains selon les vari\u00e9t\u00e9s<br><\/p>\n<\/div>\n<\/div>\n<\/div><\/div>\n<\/div>\n","protected":false},"excerpt":{"rendered":"","protected":false},"author":2,"featured_media":0,"parent":569,"menu_order":2,"comment_status":"closed","ping_status":"closed","template":"","meta":{"advgb_blocks_editor_width":"","advgb_blocks_columns_visual_guide":""},"yoast_head":"<!-- This site is optimized with the Yoast SEO plugin v19.11 - https:\/\/yoast.com\/wordpress\/plugins\/seo\/ -->\n<title>Prograin | Des \u00e9tapes de production pens\u00e9es pour un soya de qualit\u00e9<\/title>\n<meta name=\"description\" content=\"Selon le mode de livraison, vous serez assur\u00e9 de recevoir les produits de soya command\u00e9s gr\u00e2ce aux \u00e9tapes de conditionnement rigoureuses de Prograin.\" \/>\n<meta name=\"robots\" content=\"index, follow, max-snippet:-1, max-image-preview:large, max-video-preview:-1\" \/>\n<link rel=\"canonical\" href=\"https:\/\/prograin.ca\/international\/fr\/soyas\/conditionnement\/\" \/>\n<meta property=\"og:locale\" content=\"fr_CA\" \/>\n<meta property=\"og:type\" content=\"article\" \/>\n<meta property=\"og:title\" content=\"Prograin | Des \u00e9tapes de production pens\u00e9es pour un soya de qualit\u00e9\" \/>\n<meta property=\"og:description\" content=\"Selon le mode de livraison, vous serez assur\u00e9 de recevoir les produits de soya command\u00e9s gr\u00e2ce aux \u00e9tapes de conditionnement rigoureuses de Prograin.\" \/>\n<meta property=\"og:url\" content=\"https:\/\/prograin.ca\/international\/fr\/soyas\/conditionnement\/\" \/>\n<meta property=\"og:site_name\" content=\"International\" \/>\n<meta property=\"article:modified_time\" content=\"2019-04-29T15:16:39+00:00\" \/>\n<meta property=\"og:image\" content=\"https:\/\/prograin.ca\/app\/uploads\/2019\/01\/conditionnement_HAACP@2x.jpg\" \/>\n<meta name=\"twitter:card\" content=\"summary_large_image\" \/>\n<meta name=\"twitter:label1\" content=\"Estimation du temps de lecture\" \/>\n\t<meta name=\"twitter:data1\" content=\"2 minutes\" \/>\n<script type=\"application\/ld+json\" class=\"yoast-schema-graph\">{\"@context\":\"https:\/\/schema.org\",\"@graph\":[{\"@type\":\"WebPage\",\"@id\":\"https:\/\/prograin.ca\/international\/fr\/soyas\/conditionnement\/\",\"url\":\"https:\/\/prograin.ca\/international\/fr\/soyas\/conditionnement\/\",\"name\":\"Prograin | Des \u00e9tapes de production pens\u00e9es pour un soya de qualit\u00e9\",\"isPartOf\":{\"@id\":\"https:\/\/prograin.ca\/international\/#website\"},\"datePublished\":\"2019-01-31T16:25:46+00:00\",\"dateModified\":\"2019-04-29T15:16:39+00:00\",\"description\":\"Selon le mode de livraison, vous serez assur\u00e9 de recevoir les produits de soya command\u00e9s gr\u00e2ce aux \u00e9tapes de conditionnement rigoureuses de Prograin.\",\"breadcrumb\":{\"@id\":\"https:\/\/prograin.ca\/international\/fr\/soyas\/conditionnement\/#breadcrumb\"},\"inLanguage\":\"fr-CA\",\"potentialAction\":[{\"@type\":\"ReadAction\",\"target\":[\"https:\/\/prograin.ca\/international\/fr\/soyas\/conditionnement\/\"]}]},{\"@type\":\"BreadcrumbList\",\"@id\":\"https:\/\/prograin.ca\/international\/fr\/soyas\/conditionnement\/#breadcrumb\",\"itemListElement\":[{\"@type\":\"ListItem\",\"position\":1,\"name\":\"Home\",\"item\":\"https:\/\/prograin.ca\/international\/fr\/\"},{\"@type\":\"ListItem\",\"position\":2,\"name\":\"Soya\",\"item\":\"https:\/\/prograin.ca\/international\/fr\/soyas\/\"},{\"@type\":\"ListItem\",\"position\":3,\"name\":\"Conditionnement\"}]},{\"@type\":\"WebSite\",\"@id\":\"https:\/\/prograin.ca\/international\/#website\",\"url\":\"https:\/\/prograin.ca\/international\/\",\"name\":\"International\",\"description\":\"Un site utilisant WordPress\",\"publisher\":{\"@id\":\"https:\/\/prograin.ca\/international\/#organization\"},\"potentialAction\":[{\"@type\":\"SearchAction\",\"target\":{\"@type\":\"EntryPoint\",\"urlTemplate\":\"https:\/\/prograin.ca\/international\/?s={search_term_string}\"},\"query-input\":\"required name=search_term_string\"}],\"inLanguage\":\"fr-CA\"},{\"@type\":\"Organization\",\"@id\":\"https:\/\/prograin.ca\/international\/#organization\",\"name\":\"International\",\"url\":\"https:\/\/prograin.ca\/international\/\",\"logo\":{\"@type\":\"ImageObject\",\"inLanguage\":\"fr-CA\",\"@id\":\"https:\/\/prograin.ca\/international\/#\/schema\/logo\/image\/\",\"url\":\"https:\/\/prograin.ca\/app\/uploads\/sites\/5\/2018\/11\/Prograin-logo-1.png\",\"contentUrl\":\"https:\/\/prograin.ca\/app\/uploads\/sites\/5\/2018\/11\/Prograin-logo-1.png\",\"width\":352,\"height\":85,\"caption\":\"International\"},\"image\":{\"@id\":\"https:\/\/prograin.ca\/international\/#\/schema\/logo\/image\/\"}}]}<\/script>\n<!-- \/ Yoast SEO plugin. -->","yoast_head_json":{"title":"Prograin | Des \u00e9tapes de production pens\u00e9es pour un soya de qualit\u00e9","description":"Selon le mode de livraison, vous serez assur\u00e9 de recevoir les produits de soya command\u00e9s gr\u00e2ce aux \u00e9tapes de conditionnement rigoureuses de Prograin.","robots":{"index":"index","follow":"follow","max-snippet":"max-snippet:-1","max-image-preview":"max-image-preview:large","max-video-preview":"max-video-preview:-1"},"canonical":"https:\/\/prograin.ca\/international\/fr\/soyas\/conditionnement\/","og_locale":"fr_CA","og_type":"article","og_title":"Prograin | Des \u00e9tapes de production pens\u00e9es pour un soya de qualit\u00e9","og_description":"Selon le mode de livraison, vous serez assur\u00e9 de recevoir les produits de soya command\u00e9s gr\u00e2ce aux \u00e9tapes de conditionnement rigoureuses de Prograin.","og_url":"https:\/\/prograin.ca\/international\/fr\/soyas\/conditionnement\/","og_site_name":"International","article_modified_time":"2019-04-29T15:16:39+00:00","og_image":[{"url":"https:\/\/prograin.ca\/app\/uploads\/2019\/01\/conditionnement_HAACP@2x.jpg"}],"twitter_card":"summary_large_image","twitter_misc":{"Estimation du temps de lecture":"2 minutes"},"schema":{"@context":"https:\/\/schema.org","@graph":[{"@type":"WebPage","@id":"https:\/\/prograin.ca\/international\/fr\/soyas\/conditionnement\/","url":"https:\/\/prograin.ca\/international\/fr\/soyas\/conditionnement\/","name":"Prograin | Des \u00e9tapes de production pens\u00e9es pour un soya de qualit\u00e9","isPartOf":{"@id":"https:\/\/prograin.ca\/international\/#website"},"datePublished":"2019-01-31T16:25:46+00:00","dateModified":"2019-04-29T15:16:39+00:00","description":"Selon le mode de livraison, vous serez assur\u00e9 de recevoir les produits de soya command\u00e9s gr\u00e2ce aux \u00e9tapes de conditionnement rigoureuses de Prograin.","breadcrumb":{"@id":"https:\/\/prograin.ca\/international\/fr\/soyas\/conditionnement\/#breadcrumb"},"inLanguage":"fr-CA","potentialAction":[{"@type":"ReadAction","target":["https:\/\/prograin.ca\/international\/fr\/soyas\/conditionnement\/"]}]},{"@type":"BreadcrumbList","@id":"https:\/\/prograin.ca\/international\/fr\/soyas\/conditionnement\/#breadcrumb","itemListElement":[{"@type":"ListItem","position":1,"name":"Home","item":"https:\/\/prograin.ca\/international\/fr\/"},{"@type":"ListItem","position":2,"name":"Soya","item":"https:\/\/prograin.ca\/international\/fr\/soyas\/"},{"@type":"ListItem","position":3,"name":"Conditionnement"}]},{"@type":"WebSite","@id":"https:\/\/prograin.ca\/international\/#website","url":"https:\/\/prograin.ca\/international\/","name":"International","description":"Un site utilisant WordPress","publisher":{"@id":"https:\/\/prograin.ca\/international\/#organization"},"potentialAction":[{"@type":"SearchAction","target":{"@type":"EntryPoint","urlTemplate":"https:\/\/prograin.ca\/international\/?s={search_term_string}"},"query-input":"required name=search_term_string"}],"inLanguage":"fr-CA"},{"@type":"Organization","@id":"https:\/\/prograin.ca\/international\/#organization","name":"International","url":"https:\/\/prograin.ca\/international\/","logo":{"@type":"ImageObject","inLanguage":"fr-CA","@id":"https:\/\/prograin.ca\/international\/#\/schema\/logo\/image\/","url":"https:\/\/prograin.ca\/app\/uploads\/sites\/5\/2018\/11\/Prograin-logo-1.png","contentUrl":"https:\/\/prograin.ca\/app\/uploads\/sites\/5\/2018\/11\/Prograin-logo-1.png","width":352,"height":85,"caption":"International"},"image":{"@id":"https:\/\/prograin.ca\/international\/#\/schema\/logo\/image\/"}}]}},"featured_image_urls":{"full":"","thumbnail":"","medium":"","medium_large":"","large":"","1536x1536":"","2048x2048":"","menu-24x24":"","menu-36x36":"","menu-48x48":""},"post_excerpt_stackable":"<p>Toutes nos \u00e9tapes de production sont pens\u00e9es en fonction de la qualit\u00e9. Un suivi rigoureux ob\u00e9issant \u00e0 des standards pr\u00e9cis est effectu\u00e9 par le producteur et par Prograin Peu importe le mode de livraison \u2014 en vrac ou en sacs \u2014 nos clients sont assur\u00e9s de recevoir les produits command\u00e9s dans les bons formats et respectant les exigences d\u2019\u00e9tiquetage de l\u2019Agence canadienne d\u2019inspection des aliments (ACIA). Nos certifications \u00c9tant certifi\u00e9s HACCP (normes internationales d\u2019innocuit\u00e9 et de s\u00e9curit\u00e9 des aliments), nous garantissons la salubrit\u00e9 alimentaire de notre soya. Avec la certification du Syst\u00e8me canadien de reconnaissance de la s\u00e9gr\u00e9gation (SCRS), nous&hellip;<\/p>\n","category_list":"","author_info":{"name":"Jean Trudel","url":"https:\/\/prograin.ca\/international\/author\/amazone\/"},"comments_num":"0 comments","featured_image_urls_v2":{"full":"","thumbnail":"","medium":"","medium_large":"","large":"","1536x1536":"","2048x2048":"","menu-24x24":"","menu-36x36":"","menu-48x48":""},"post_excerpt_stackable_v2":"<p>Toutes nos \u00e9tapes de production sont pens\u00e9es en fonction de la qualit\u00e9. Un suivi rigoureux ob\u00e9issant \u00e0 des standards pr\u00e9cis est effectu\u00e9 par le producteur et par Prograin Peu importe le mode de livraison \u2014 en vrac ou en sacs \u2014 nos clients sont assur\u00e9s de recevoir les produits command\u00e9s dans les bons formats et respectant les exigences d\u2019\u00e9tiquetage de l\u2019Agence canadienne d\u2019inspection des aliments (ACIA). Nos certifications \u00c9tant certifi\u00e9s HACCP (normes internationales d\u2019innocuit\u00e9 et de s\u00e9curit\u00e9 des aliments), nous garantissons la salubrit\u00e9 alimentaire de notre soya. Avec la certification du Syst\u00e8me canadien de reconnaissance de la s\u00e9gr\u00e9gation (SCRS), nous&hellip;<\/p>\n","category_list_v2":"","author_info_v2":{"name":"Jean Trudel","url":"https:\/\/prograin.ca\/international\/author\/amazone\/"},"comments_num_v2":"0 comments","coauthors":[],"author_meta":{"author_link":"https:\/\/prograin.ca\/international\/author\/amazone\/","display_name":"Jean Trudel"},"relative_dates":{"created":"Posted 7 ann\u00e9es ago","modified":"Updated 7 ann\u00e9es ago"},"absolute_dates":{"created":"Posted on 31 janvier 2019","modified":"Updated on 29 avril 2019"},"absolute_dates_time":{"created":"Posted on 31 janvier 2019 16 h 25 min","modified":"Updated on 29 avril 2019 15 h 16 min"},"featured_img_caption":"","featured_img":false,"series_order":"","_links":{"self":[{"href":"https:\/\/prograin.ca\/international\/wp-json\/wp\/v2\/pages\/19515"}],"collection":[{"href":"https:\/\/prograin.ca\/international\/wp-json\/wp\/v2\/pages"}],"about":[{"href":"https:\/\/prograin.ca\/international\/wp-json\/wp\/v2\/types\/page"}],"author":[{"embeddable":true,"href":"https:\/\/prograin.ca\/international\/wp-json\/wp\/v2\/users\/2"}],"replies":[{"embeddable":true,"href":"https:\/\/prograin.ca\/international\/wp-json\/wp\/v2\/comments?post=19515"}],"version-history":[{"count":48,"href":"https:\/\/prograin.ca\/international\/wp-json\/wp\/v2\/pages\/19515\/revisions"}],"predecessor-version":[{"id":22896,"href":"https:\/\/prograin.ca\/international\/wp-json\/wp\/v2\/pages\/19515\/revisions\/22896"}],"up":[{"embeddable":true,"href":"https:\/\/prograin.ca\/international\/wp-json\/wp\/v2\/pages\/569"}],"wp:attachment":[{"href":"https:\/\/prograin.ca\/international\/wp-json\/wp\/v2\/media?parent=19515"}],"curies":[{"name":"wp","href":"https:\/\/api.w.org\/{rel}","templated":true}]}}