
{"id":22947,"date":"2019-10-03T14:31:55","date_gmt":"2019-10-03T14:31:55","guid":{"rendered":"https:\/\/prograin.ca\/international\/?page_id=22947"},"modified":"2020-02-17T19:16:41","modified_gmt":"2020-02-17T19:16:41","slug":"home","status":"publish","type":"page","link":"https:\/\/prograin.ca\/international\/zh\/","title":{"rendered":"Home"},"content":{"rendered":"\n<div class=\"wp-block-prograin-section-block prograin-home\"><ul class=\"home\">\n<li class=\"PageTitle\"><h1>Home<\/h1><div class=\"prograin-home-slide dark\" style=\"background-image:url(https:\/\/prograin.ca\/app\/uploads\/sites\/5\/2019\/01\/accueil.jpg);background-size:cover\"><div class=\"verticalbg\" style=\"background-size:cover\"><\/div><div class=\"inside\" style=\"padding-right:\">\n<div style=\"height:25vh\" aria-hidden=\"true\" class=\"wp-block-spacer\"><\/div>\n\n\n\n<h2><span style=\"color:#ffffff\" class=\"color\"> \u5927\u8c46\u7684\u4e16\u754c <\/span><\/h2>\n<\/div><\/div><\/li>\n\n\n\n<li><a href=\"https:\/\/prograin.ca\/international\/zh\/%e5&nbsp;%85&nbsp;%b3&nbsp;%e4&nbsp;%ba%8e%e5&nbsp;%85&nbsp;%ac%e5&nbsp;%8f%b8\/\">\u5173\u4e8e\u516c\u53f8<\/a><div class=\"prograin-home-slide dark\" style=\"background-image:url(https:\/\/prograin.ca\/app\/uploads\/sites\/5\/2019\/01\/accueil_entreprise.jpg);background-size:cover\"><div class=\"verticalbg\" style=\"background-size:cover\"><\/div><div class=\"inside\" style=\"padding-right:\">\n<div style=\"height:25vh\" aria-hidden=\"true\" class=\"wp-block-spacer\"><\/div>\n\n\n\n<h2><span style=\"color:#ffffff\" class=\"color\"> <\/span><strong><span style=\"color:#ffffff\" class=\"color\">\u5173\u4e8e\u516c\u53f8<\/span><\/strong><span style=\"color:#ffffff\" class=\"color\"> <\/span><\/h2>\n\n\n\n<p><span style=\"color:#ffffff\" class=\"color\"> \u666e\u4e50\u2f95\u516c\u53f8\u662f\u52a0\u62ff\u2f24\u6700\u2f24\u7684\u2ea0\u8425\u2f24\u2f96\u79cd\u2f26\u52a0\u2f2f\u2f63\u4ea7\u516c\u53f8 <\/span><\/p>\n\n\n\n<p><\/p>\n<\/div><\/div><\/li>\n\n\n\n<li><a href=\"https:\/\/prograin.ca\/international\/zh\/%e7&nbsp;%a0&nbsp;%94&nbsp;%e5&nbsp;%8f%91\/\">\u7814\u53d1<\/a><div class=\"prograin-home-slide dark\" style=\"background-image:url(https:\/\/prograin.ca\/app\/uploads\/sites\/5\/2018\/11\/fond-rd.jpg);background-size:cover\"><div class=\"verticalbg\" style=\"background-size:cover\"><\/div><div class=\"inside\" style=\"padding-right:\">\n<div style=\"height:25vh\" aria-hidden=\"true\" class=\"wp-block-spacer\"><\/div>\n\n\n\n<h2><strong><span style=\"color:#ffffff\" class=\"color\">\u7814\u53d1<\/span><\/strong><\/h2>\n\n\n\n<p><span style=\"color:#ffffff\" class=\"color\"> \u8fd1\u4e09\u5341\u5e74\u6765\uff0c\u7814\u53d1\u5df2\u7ecf\u662f\u6211\u4eec\u516c\u53f8\u5fc5\u4e0d\u53ef\u5c11\u7684\u4e00 \u90e8\u5206\u4e86\u3002 <\/span><\/p>\n<\/div><\/div><\/li>\n\n\n\n<li><a href=\"https:\/\/prograin.ca\/international\/zh\/%e7&nbsp;%a7&nbsp;%8d%e5&nbsp;%ad%90\/\">\u79cd\u5b50<\/a><div class=\"prograin-home-slide dark\" style=\"background-image:url(https:\/\/prograin.ca\/app\/uploads\/sites\/5\/2018\/11\/fond-semence.jpg);background-size:cover\"><div class=\"verticalbg\" style=\"background-size:cover\"><\/div><div class=\"inside\" style=\"padding-right:\">\n<div style=\"height:25vh\" aria-hidden=\"true\" class=\"wp-block-spacer\"><\/div>\n\n\n\n<h2><strong><span style=\"color:#ffffff\" class=\"color\">\u79cd\u5b50<\/span><\/strong><\/h2>\n\n\n\n<p><span style=\"color:#ffffff\" class=\"color\"> \u6211\u4eec\u63d0\u4f9b\u72ec\u5bb6\u5927\u8c46\u54c1\u79cd\uff0c\u786e\u4fdd\u66f4\u9ad8\u7684\u56de\u62a5\u3002 <\/span><\/p>\n<\/div><\/div><\/li>\n\n\n\n<li><a href=\"https:\/\/prograin.ca\/international\/zh\/%e8&nbsp;%81&nbsp;%94&nbsp;%e7&nbsp;%b3&nbsp;%bb%e6&nbsp;%88&nbsp;%91&nbsp;%e4&nbsp;%bb%ac\/\">\u8054\u7cfb\u6211\u4eec<\/a><div class=\"prograin-home-slide dark\" style=\"background-image:url(https:\/\/prograin.ca\/app\/uploads\/sites\/5\/2018\/11\/fond-accueil.jpg);background-size:cover\"><div class=\"verticalbg\" style=\"background-size:cover\"><\/div><div class=\"inside\" style=\"padding-right:50&nbsp;%\">\n<div style=\"height:25vh\" aria-hidden=\"true\" class=\"wp-block-spacer\"><\/div>\n\n\n\n<h2><span style=\"color:#ffffff\" class=\"color\"> <\/span><strong><span style=\"color:#ffffff\" class=\"color\">\u8054\u7cfb\u6211\u4eec<\/span><\/strong><span style=\"color:#ffffff\" class=\"color\"> <\/span><\/h2>\n\n\n\n<p><\/p>\n<\/div><\/div><\/li>\n<\/ul><\/div>\n","protected":false},"excerpt":{"rendered":"","protected":false},"author":7,"featured_media":0,"parent":0,"menu_order":0,"comment_status":"closed","ping_status":"open","template":"accueil","meta":{"advgb_blocks_editor_width":"","advgb_blocks_columns_visual_guide":""},"yoast_head":"<!-- This site is optimized with the Yoast SEO plugin v19.11 - https:\/\/yoast.com\/wordpress\/plugins\/seo\/ -->\n<title>Prograin | Soya de qualit\u00e9 destin\u00e9 \u00e0 l\u2019alimentation<\/title>\n<meta name=\"description\" content=\"Depuis 1980, le soya de Prograin est aussi pris\u00e9 pour ses caract\u00e9ristiques nutritionnelles que pour l\u2019approche passionn\u00e9e de son \u00e9quipe. Nous sommes partenaires de votre succ\u00e8s !\" \/>\n<meta name=\"robots\" content=\"index, follow, max-snippet:-1, max-image-preview:large, max-video-preview:-1\" \/>\n<link rel=\"canonical\" href=\"https:\/\/prograin.ca\/international\/zh\/\" \/>\n<meta property=\"og:locale\" content=\"fr_CA\" \/>\n<meta property=\"og:type\" content=\"article\" \/>\n<meta property=\"og:title\" content=\"Prograin | Soya de qualit\u00e9 destin\u00e9 \u00e0 l\u2019alimentation\" \/>\n<meta property=\"og:description\" content=\"Depuis 1980, le soya de Prograin est aussi pris\u00e9 pour ses caract\u00e9ristiques nutritionnelles que pour l\u2019approche passionn\u00e9e de son \u00e9quipe. Nous sommes partenaires de votre succ\u00e8s !\" \/>\n<meta property=\"og:url\" content=\"https:\/\/prograin.ca\/international\/zh\/\" \/>\n<meta property=\"og:site_name\" content=\"International\" \/>\n<meta property=\"article:modified_time\" content=\"2020-02-17T19:16:41+00:00\" \/>\n<meta name=\"twitter:card\" content=\"summary_large_image\" \/>\n<script type=\"application\/ld+json\" class=\"yoast-schema-graph\">{\"@context\":\"https:\/\/schema.org\",\"@graph\":[{\"@type\":\"WebPage\",\"@id\":\"https:\/\/prograin.ca\/international\/zh\/\",\"url\":\"https:\/\/prograin.ca\/international\/zh\/\",\"name\":\"Prograin | Soya de qualit\u00e9 destin\u00e9 \u00e0 l\u2019alimentation\",\"isPartOf\":{\"@id\":\"https:\/\/prograin.ca\/international\/#website\"},\"datePublished\":\"2019-10-03T14:31:55+00:00\",\"dateModified\":\"2020-02-17T19:16:41+00:00\",\"description\":\"Depuis 1980, le soya de Prograin est aussi pris\u00e9 pour ses caract\u00e9ristiques nutritionnelles que pour l\u2019approche passionn\u00e9e de son \u00e9quipe. Nous sommes partenaires de votre succ\u00e8s !\",\"breadcrumb\":{\"@id\":\"https:\/\/prograin.ca\/international\/zh\/#breadcrumb\"},\"inLanguage\":\"fr-CA\",\"potentialAction\":[{\"@type\":\"ReadAction\",\"target\":[\"https:\/\/prograin.ca\/international\/zh\/\"]}]},{\"@type\":\"BreadcrumbList\",\"@id\":\"https:\/\/prograin.ca\/international\/zh\/#breadcrumb\",\"itemListElement\":[{\"@type\":\"ListItem\",\"position\":1,\"name\":\"Home\",\"item\":\"https:\/\/prograin.ca\/international\/fr\/\"},{\"@type\":\"ListItem\",\"position\":2,\"name\":\"Home\"}]},{\"@type\":\"WebSite\",\"@id\":\"https:\/\/prograin.ca\/international\/#website\",\"url\":\"https:\/\/prograin.ca\/international\/\",\"name\":\"International\",\"description\":\"Un site utilisant WordPress\",\"publisher\":{\"@id\":\"https:\/\/prograin.ca\/international\/#organization\"},\"potentialAction\":[{\"@type\":\"SearchAction\",\"target\":{\"@type\":\"EntryPoint\",\"urlTemplate\":\"https:\/\/prograin.ca\/international\/?s={search_term_string}\"},\"query-input\":\"required name=search_term_string\"}],\"inLanguage\":\"fr-CA\"},{\"@type\":\"Organization\",\"@id\":\"https:\/\/prograin.ca\/international\/#organization\",\"name\":\"International\",\"url\":\"https:\/\/prograin.ca\/international\/\",\"logo\":{\"@type\":\"ImageObject\",\"inLanguage\":\"fr-CA\",\"@id\":\"https:\/\/prograin.ca\/international\/#\/schema\/logo\/image\/\",\"url\":\"https:\/\/prograin.ca\/app\/uploads\/sites\/5\/2018\/11\/Prograin-logo-1.png\",\"contentUrl\":\"https:\/\/prograin.ca\/app\/uploads\/sites\/5\/2018\/11\/Prograin-logo-1.png\",\"width\":352,\"height\":85,\"caption\":\"International\"},\"image\":{\"@id\":\"https:\/\/prograin.ca\/international\/#\/schema\/logo\/image\/\"}}]}<\/script>\n<!-- \/ Yoast SEO plugin. -->","yoast_head_json":{"title":"Prograin | Soya de qualit\u00e9 destin\u00e9 \u00e0 l\u2019alimentation","description":"Depuis 1980, le soya de Prograin est aussi pris\u00e9 pour ses caract\u00e9ristiques nutritionnelles que pour l\u2019approche passionn\u00e9e de son \u00e9quipe. Nous sommes partenaires de votre succ\u00e8s !","robots":{"index":"index","follow":"follow","max-snippet":"max-snippet:-1","max-image-preview":"max-image-preview:large","max-video-preview":"max-video-preview:-1"},"canonical":"https:\/\/prograin.ca\/international\/zh\/","og_locale":"fr_CA","og_type":"article","og_title":"Prograin | Soya de qualit\u00e9 destin\u00e9 \u00e0 l\u2019alimentation","og_description":"Depuis 1980, le soya de Prograin est aussi pris\u00e9 pour ses caract\u00e9ristiques nutritionnelles que pour l\u2019approche passionn\u00e9e de son \u00e9quipe. Nous sommes partenaires de votre succ\u00e8s !","og_url":"https:\/\/prograin.ca\/international\/zh\/","og_site_name":"International","article_modified_time":"2020-02-17T19:16:41+00:00","twitter_card":"summary_large_image","schema":{"@context":"https:\/\/schema.org","@graph":[{"@type":"WebPage","@id":"https:\/\/prograin.ca\/international\/zh\/","url":"https:\/\/prograin.ca\/international\/zh\/","name":"Prograin | Soya de qualit\u00e9 destin\u00e9 \u00e0 l\u2019alimentation","isPartOf":{"@id":"https:\/\/prograin.ca\/international\/#website"},"datePublished":"2019-10-03T14:31:55+00:00","dateModified":"2020-02-17T19:16:41+00:00","description":"Depuis 1980, le soya de Prograin est aussi pris\u00e9 pour ses caract\u00e9ristiques nutritionnelles que pour l\u2019approche passionn\u00e9e de son \u00e9quipe. Nous sommes partenaires de votre succ\u00e8s !","breadcrumb":{"@id":"https:\/\/prograin.ca\/international\/zh\/#breadcrumb"},"inLanguage":"fr-CA","potentialAction":[{"@type":"ReadAction","target":["https:\/\/prograin.ca\/international\/zh\/"]}]},{"@type":"BreadcrumbList","@id":"https:\/\/prograin.ca\/international\/zh\/#breadcrumb","itemListElement":[{"@type":"ListItem","position":1,"name":"Home","item":"https:\/\/prograin.ca\/international\/fr\/"},{"@type":"ListItem","position":2,"name":"Home"}]},{"@type":"WebSite","@id":"https:\/\/prograin.ca\/international\/#website","url":"https:\/\/prograin.ca\/international\/","name":"International","description":"Un site utilisant WordPress","publisher":{"@id":"https:\/\/prograin.ca\/international\/#organization"},"potentialAction":[{"@type":"SearchAction","target":{"@type":"EntryPoint","urlTemplate":"https:\/\/prograin.ca\/international\/?s={search_term_string}"},"query-input":"required name=search_term_string"}],"inLanguage":"fr-CA"},{"@type":"Organization","@id":"https:\/\/prograin.ca\/international\/#organization","name":"International","url":"https:\/\/prograin.ca\/international\/","logo":{"@type":"ImageObject","inLanguage":"fr-CA","@id":"https:\/\/prograin.ca\/international\/#\/schema\/logo\/image\/","url":"https:\/\/prograin.ca\/app\/uploads\/sites\/5\/2018\/11\/Prograin-logo-1.png","contentUrl":"https:\/\/prograin.ca\/app\/uploads\/sites\/5\/2018\/11\/Prograin-logo-1.png","width":352,"height":85,"caption":"International"},"image":{"@id":"https:\/\/prograin.ca\/international\/#\/schema\/logo\/image\/"}}]}},"featured_image_urls":{"full":"","thumbnail":"","medium":"","medium_large":"","large":"","1536x1536":"","2048x2048":"","menu-24x24":"","menu-36x36":"","menu-48x48":""},"post_excerpt_stackable":"<p>Home \u5927\u8c46\u7684\u4e16\u754c \u5173\u4e8e\u516c\u53f8 \u5173\u4e8e\u516c\u53f8 \u666e\u4e50\u2f95\u516c\u53f8\u662f\u52a0\u62ff\u2f24\u6700\u2f24\u7684\u2ea0\u8425\u2f24\u2f96\u79cd\u2f26\u52a0\u2f2f\u2f63\u4ea7\u516c\u53f8 \u7814\u53d1 \u7814\u53d1 \u8fd1\u4e09\u5341\u5e74\u6765\uff0c\u7814\u53d1\u5df2\u7ecf\u662f\u6211\u4eec\u516c\u53f8\u5fc5\u4e0d\u53ef\u5c11\u7684\u4e00 \u90e8\u5206\u4e86\u3002 \u79cd\u5b50 \u79cd\u5b50 \u6211\u4eec\u63d0\u4f9b\u72ec\u5bb6\u5927\u8c46\u54c1\u79cd\uff0c\u786e\u4fdd\u66f4\u9ad8\u7684\u56de\u62a5\u3002 \u8054\u7cfb\u6211\u4eec \u8054\u7cfb\u6211\u4eec<\/p>\n","category_list":"","author_info":{"name":"devmxo","url":"https:\/\/prograin.ca\/international\/author\/devmxo\/"},"comments_num":"0 comments","featured_image_urls_v2":{"full":"","thumbnail":"","medium":"","medium_large":"","large":"","1536x1536":"","2048x2048":"","menu-24x24":"","menu-36x36":"","menu-48x48":""},"post_excerpt_stackable_v2":"<p>Home \u5927\u8c46\u7684\u4e16\u754c \u5173\u4e8e\u516c\u53f8 \u5173\u4e8e\u516c\u53f8 \u666e\u4e50\u2f95\u516c\u53f8\u662f\u52a0\u62ff\u2f24\u6700\u2f24\u7684\u2ea0\u8425\u2f24\u2f96\u79cd\u2f26\u52a0\u2f2f\u2f63\u4ea7\u516c\u53f8 \u7814\u53d1 \u7814\u53d1 \u8fd1\u4e09\u5341\u5e74\u6765\uff0c\u7814\u53d1\u5df2\u7ecf\u662f\u6211\u4eec\u516c\u53f8\u5fc5\u4e0d\u53ef\u5c11\u7684\u4e00 \u90e8\u5206\u4e86\u3002 \u79cd\u5b50 \u79cd\u5b50 \u6211\u4eec\u63d0\u4f9b\u72ec\u5bb6\u5927\u8c46\u54c1\u79cd\uff0c\u786e\u4fdd\u66f4\u9ad8\u7684\u56de\u62a5\u3002 \u8054\u7cfb\u6211\u4eec \u8054\u7cfb\u6211\u4eec<\/p>\n","category_list_v2":"","author_info_v2":{"name":"devmxo","url":"https:\/\/prograin.ca\/international\/author\/devmxo\/"},"comments_num_v2":"0 comments","coauthors":[],"author_meta":{"author_link":"https:\/\/prograin.ca\/international\/author\/devmxo\/","display_name":"devmxo"},"relative_dates":{"created":"Posted 7 ann\u00e9es ago","modified":"Updated 6 ann\u00e9es ago"},"absolute_dates":{"created":"Posted on 3 octobre 2019","modified":"Updated on 17 f\u00e9vrier 2020"},"absolute_dates_time":{"created":"Posted on 3 octobre 2019 14 h 31 min","modified":"Updated on 17 f\u00e9vrier 2020 19 h 16 min"},"featured_img_caption":"","featured_img":false,"series_order":"","_links":{"self":[{"href":"https:\/\/prograin.ca\/international\/wp-json\/wp\/v2\/pages\/22947"}],"collection":[{"href":"https:\/\/prograin.ca\/international\/wp-json\/wp\/v2\/pages"}],"about":[{"href":"https:\/\/prograin.ca\/international\/wp-json\/wp\/v2\/types\/page"}],"author":[{"embeddable":true,"href":"https:\/\/prograin.ca\/international\/wp-json\/wp\/v2\/users\/7"}],"replies":[{"embeddable":true,"href":"https:\/\/prograin.ca\/international\/wp-json\/wp\/v2\/comments?post=22947"}],"version-history":[{"count":16,"href":"https:\/\/prograin.ca\/international\/wp-json\/wp\/v2\/pages\/22947\/revisions"}],"predecessor-version":[{"id":23135,"href":"https:\/\/prograin.ca\/international\/wp-json\/wp\/v2\/pages\/22947\/revisions\/23135"}],"wp:attachment":[{"href":"https:\/\/prograin.ca\/international\/wp-json\/wp\/v2\/media?parent=22947"}],"curies":[{"name":"wp","href":"https:\/\/api.w.org\/{rel}","templated":true}]}}