
{"id":22965,"date":"2019-10-03T15:43:38","date_gmt":"2019-10-03T15:43:38","guid":{"rendered":"https:\/\/prograin.ca\/international\/%e6%99%ae%e4%b9%90%e8%b0%b7%e5%a4%a7%e8%b1%86%e4%b8%93%e5%ae%b6\/"},"modified":"2020-02-17T19:17:59","modified_gmt":"2020-02-17T19:17:59","slug":"%e6%99%ae%e4%b9%90%e8%b0%b7%e5%a4%a7%e8%b1%86%e4%b8%93%e5%ae%b6","status":"publish","type":"page","link":"https:\/\/prograin.ca\/international\/zh\/%e7%a7%8d%e5%ad%90\/%e6%99%ae%e4%b9%90%e8%b0%b7%e5%a4%a7%e8%b1%86%e4%b8%93%e5%ae%b6\/","title":{"rendered":"\u666e\u4e50\u8c37\u5927\u8c46\u4e13\u5bb6"},"content":{"rendered":"\n<div class=\"wp-block-balise-section-block alignfull _sectionblock has-1-columns\">\n<div class=\"\" style=\"color:#ffffff;background-image:url(https:\/\/prograin.ca\/app\/uploads\/2019\/01\/conseils_header.jpg);background-size:cover;padding-top:60px;padding-bottom:60px;padding-left:10px;padding-right:10px\"><div class=\"verticalbg\" style=\"background-size:cover\"><\/div><div class=\"inside\" style=\"margin:0 auto\">\n<div class=\"wp-container-3 wp-block-columns has-2-columns\">\n<div class=\"wp-container-1 wp-block-column\">\n<p> \u6211\u4eec\u7684\u79cd\u5b50\u9500\u552e\u56e2\u961f\u4f9d\u8d56\u4e8e\u6709\u7ecf\u9a8c\u7684\u4e13\u5bb6\u548c\u519c\u5b66\u4e13\u5bb6\u652f\u6301\u6211\u4eec\u516c\u53f8\u7684\u5206\u9500\u7f51\u7edc\u3002\u5728\u60a8\u751f\u4ea7\u7684\u4efb\u4f55\u9636\u6bb5\uff0c\u4ece\u64ad\u79cd\u5230\u6536\u83b7\uff0c\u90fd\u8bf7\u968f\u65f6\u4e0e\u6211\u4eec\u7684\u56e2\u961f\u6210\u5458\u8054\u7cfb\u3002\u6211\u4eec\u5f88\u4e50\u610f\u5e2e\u52a9\u4f60! <\/p>\n<\/div>\n\n\n\n<div class=\"wp-container-2 wp-block-column\"><\/div>\n<\/div>\n<\/div><\/div>\n<\/div>\n\n\n\n<div class=\"wp-block-balise-section-block alignfull _sectionblock has-1-columns\">\n<div class=\"\" style=\"background-size:cover;padding-top:30px;padding-bottom:10px;padding-left:10px;padding-right:10px\"><div class=\"verticalbg\" style=\"background-size:cover\"><\/div><div class=\"inside\" style=\"margin:0 auto\">\n<h3 class=\"is-style-orange\">1.  \u64ad\u79cd <\/h3>\n\n\n\n<hr class=\"wp-block-separator\"\/>\n\n\n\n<div class=\"wp-container-6 wp-block-columns has-2-columns\">\n<div class=\"wp-container-4 wp-block-column\">\n<p>\u6574\u5730\u3001\u64ad\u79cd\u6df1\u5ea6\u3001\u64ad\u79cd\u673a\u6821\u51c6\u3001\u63a8\u8350\u54c1\u79cd\u3001\u64ad\u79cd\u5bc6\u5ea6\u7b49\u3002 <\/p>\n<\/div>\n\n\n\n<div class=\"wp-container-5 wp-block-column\"><\/div>\n<\/div>\n<\/div><\/div>\n<\/div>\n\n\n\n<div class=\"wp-block-balise-section-block alignfull _sectionblock has-1-columns\">\n<div class=\"\" style=\"background-size:cover;padding-top:10px;padding-bottom:10px;padding-left:10px;padding-right:10px\"><div class=\"verticalbg\" style=\"background-size:cover\"><\/div><div class=\"inside\" style=\"margin:0 auto\">\n<h3 class=\"is-style-orange\">2.  \u4f5c\u7269\u4fdd\u62a4 <\/h3>\n\n\n\n<hr class=\"wp-block-separator\"\/>\n\n\n\n<div class=\"wp-container-9 wp-block-columns has-2-columns\">\n<div class=\"wp-container-7 wp-block-column\">\n<p>\u6211\u4eec\u53ef\u4ee5\u5e2e\u52a9\u60a8\u6b63\u786e\u8bc6\u522b\u548c\u63a7\u5236\u75c5\u539f\u4f53\u548c\u5e72\u6270\u56e0\u7d20\uff0c\u5982\u6700\u5e38\u89c1\u7684\u5927\u8c46\u75be\u75c5\u3001\u6709\u5bb3\u6606\u866b\u548c\u6742\u8349\u3002 <\/p>\n<\/div>\n\n\n\n<div class=\"wp-container-8 wp-block-column\">\n<p>\u6211\u4eec\u7684\u56e2\u961f\u5c06\u5f88\u4e50\u610f\u6307\u5bfc\u60a8\uff0c\u4ee5\u4fbf\u60a8\u80fd\u591f\u66f4\u597d\u5730\u7406\u89e3\u4fc3\u8fdb\u4f5c\u7269\u751f\u957f\u7684\u90a3\u4e9b\u56e0\u7d20\uff0c\u53d1\u73b0\u63a7\u5236\u8fd9\u4e9b\u56e0\u7d20\u6216\u51cf\u5c11\u75c5\u866b\u8349\u5bb3\u5f71\u54cd\u7684\u5404\u79cd\u65b9\u6cd5\u3002 <\/p>\n<\/div>\n<\/div>\n<\/div><\/div>\n<\/div>\n\n\n\n<div class=\"wp-block-balise-section-block alignfull _sectionblock has-1-columns\">\n<div class=\"\" style=\"background-size:cover;padding-top:10px;padding-bottom:10px;padding-left:10px;padding-right:10px\"><div class=\"verticalbg\" style=\"background-size:cover\"><\/div><div class=\"inside\" style=\"margin:0 auto\">\n<h3 class=\"is-style-orange\">3.  \u6536\u83b7\u8d28\u91cf <\/h3>\n\n\n\n<hr class=\"wp-block-separator\"\/>\n\n\n\n<div class=\"wp-container-12 wp-block-columns has-2-columns\">\n<div class=\"wp-container-10 wp-block-column\">\n<p>\u5bf9\u4e8e\u8d2d\u4e70\u4f9b\u98df\u7528\u7684\u5927\u8c46\u7684\u4eba\u6765\u8bf4\uff0c\u5927\u8c46\u7684\u6536\u83b7\u8d28\u91cf\u548c\u5916\u89c2\u81f3\u5173\u91cd\u8981\u3002\u6536\u83b7\u662f\u83b7\u5f97\u4e00\u7ea7\u5927\u8c46\u6240\u9700\u8981\u76d1\u6d4b\u7684\u6700\u5173\u952e\u6b65\u9aa4\u4e4b\u4e00\u3002 <\/p>\n<\/div>\n\n\n\n<div class=\"wp-container-11 wp-block-column\">\n<p>\u6211\u4eec\u63d0\u4f9b\u5305\u542b\u5927\u8c46\u6536\u83b7\u76f8\u5173\u4fe1\u606f\u7684\u6587\u4ef6\u3002\u8bf7\u968f\u65f6\u8054\u7cfb\u6211\u4eec\u7d22\u53d6\u3002 <\/p>\n<\/div>\n<\/div>\n<\/div><\/div>\n<\/div>\n\n\n\n<div class=\"wp-block-balise-section-block alignfull _sectionblock has-1-columns\">\n<div class=\"\" style=\"background-size:cover;padding-top:10px;padding-bottom:30px;padding-left:10px;padding-right:10px\"><div class=\"verticalbg\" style=\"background-size:cover\"><\/div><div class=\"inside\" style=\"margin:0 auto\">\n<h3 class=\"is-style-orange\">4.  \u5927\u8c46\u7684\u5b58\u50a8 <br><\/h3>\n\n\n\n<hr class=\"wp-block-separator\"\/>\n\n\n\n<div class=\"wp-container-15 wp-block-columns has-2-columns\">\n<div class=\"wp-container-13 wp-block-column\">\n<p>\u50a8\u5b58\u5927\u8c46\u4f5c\u7269\u4f1a\u7ed9\u751f\u4ea7\u8005\u5e26\u6765\u597d\u5904\u3002\u7136\u800c\uff0c\u8981\u83b7\u5f97\u548c\u4fdd\u6301\u5927\u8c46\u7684\u8d28\u91cf\uff0c\u5373\u4f7f\u662f\u4f7f\u7528\u51e0\u4e2a\u6708\u7684\u7b52\u4ed3\uff0c\u4ecd\u5fc5\u987b\u6ee1\u8db3\u51e0\u4e2a\u57fa\u672c\u7684\u6807\u51c6\u3002 <\/p>\n<\/div>\n\n\n\n<div class=\"wp-container-14 wp-block-column\">\n<p> \u6211\u4eec\u7684\u56e2\u961f\u53ef\u4ee5\u5e2e\u52a9\u60a8\u4e86\u89e3\u901a\u98ce\u548c\u5e72\u71e5\u8fc7\u7a0b\u3002 <\/p>\n<\/div>\n<\/div>\n<\/div><\/div>\n<\/div>\n","protected":false},"excerpt":{"rendered":"","protected":false},"author":1,"featured_media":0,"parent":22964,"menu_order":2,"comment_status":"closed","ping_status":"closed","template":"","meta":{"advgb_blocks_editor_width":"","advgb_blocks_columns_visual_guide":""},"yoast_head":"<!-- This site is optimized with the Yoast SEO plugin v19.11 - https:\/\/yoast.com\/wordpress\/plugins\/seo\/ -->\n<title>\u666e\u4e50\u8c37\u5927\u8c46\u4e13\u5bb6 - International<\/title>\n<meta name=\"robots\" content=\"index, follow, max-snippet:-1, max-image-preview:large, max-video-preview:-1\" \/>\n<link rel=\"canonical\" href=\"https:\/\/prograin.ca\/international\/zh\/\u79cd\u5b50\/\u666e\u4e50\u8c37\u5927\u8c46\u4e13\u5bb6\/\" \/>\n<meta property=\"og:locale\" content=\"fr_CA\" \/>\n<meta property=\"og:type\" content=\"article\" \/>\n<meta property=\"og:title\" content=\"\u666e\u4e50\u8c37\u5927\u8c46\u4e13\u5bb6 - International\" \/>\n<meta property=\"og:url\" content=\"https:\/\/prograin.ca\/international\/zh\/\u79cd\u5b50\/\u666e\u4e50\u8c37\u5927\u8c46\u4e13\u5bb6\/\" \/>\n<meta property=\"og:site_name\" content=\"International\" \/>\n<meta property=\"article:modified_time\" content=\"2020-02-17T19:17:59+00:00\" \/>\n<meta name=\"twitter:card\" content=\"summary_large_image\" \/>\n<script type=\"application\/ld+json\" class=\"yoast-schema-graph\">{\"@context\":\"https:\/\/schema.org\",\"@graph\":[{\"@type\":\"WebPage\",\"@id\":\"https:\/\/prograin.ca\/international\/zh\/%e7%a7%8d%e5%ad%90\/%e6%99%ae%e4%b9%90%e8%b0%b7%e5%a4%a7%e8%b1%86%e4%b8%93%e5%ae%b6\/\",\"url\":\"https:\/\/prograin.ca\/international\/zh\/%e7%a7%8d%e5%ad%90\/%e6%99%ae%e4%b9%90%e8%b0%b7%e5%a4%a7%e8%b1%86%e4%b8%93%e5%ae%b6\/\",\"name\":\"\u666e\u4e50\u8c37\u5927\u8c46\u4e13\u5bb6 - International\",\"isPartOf\":{\"@id\":\"https:\/\/prograin.ca\/international\/#website\"},\"datePublished\":\"2019-10-03T15:43:38+00:00\",\"dateModified\":\"2020-02-17T19:17:59+00:00\",\"breadcrumb\":{\"@id\":\"https:\/\/prograin.ca\/international\/zh\/%e7%a7%8d%e5%ad%90\/%e6%99%ae%e4%b9%90%e8%b0%b7%e5%a4%a7%e8%b1%86%e4%b8%93%e5%ae%b6\/#breadcrumb\"},\"inLanguage\":\"fr-CA\",\"potentialAction\":[{\"@type\":\"ReadAction\",\"target\":[\"https:\/\/prograin.ca\/international\/zh\/%e7%a7%8d%e5%ad%90\/%e6%99%ae%e4%b9%90%e8%b0%b7%e5%a4%a7%e8%b1%86%e4%b8%93%e5%ae%b6\/\"]}]},{\"@type\":\"BreadcrumbList\",\"@id\":\"https:\/\/prograin.ca\/international\/zh\/%e7%a7%8d%e5%ad%90\/%e6%99%ae%e4%b9%90%e8%b0%b7%e5%a4%a7%e8%b1%86%e4%b8%93%e5%ae%b6\/#breadcrumb\",\"itemListElement\":[{\"@type\":\"ListItem\",\"position\":1,\"name\":\"Home\",\"item\":\"https:\/\/prograin.ca\/international\/fr\/\"},{\"@type\":\"ListItem\",\"position\":2,\"name\":\"\u79cd\u5b50\",\"item\":\"https:\/\/prograin.ca\/international\/zh\/%e7%a7%8d%e5%ad%90\/\"},{\"@type\":\"ListItem\",\"position\":3,\"name\":\"\u666e\u4e50\u8c37\u5927\u8c46\u4e13\u5bb6\"}]},{\"@type\":\"WebSite\",\"@id\":\"https:\/\/prograin.ca\/international\/#website\",\"url\":\"https:\/\/prograin.ca\/international\/\",\"name\":\"International\",\"description\":\"Un site utilisant WordPress\",\"publisher\":{\"@id\":\"https:\/\/prograin.ca\/international\/#organization\"},\"potentialAction\":[{\"@type\":\"SearchAction\",\"target\":{\"@type\":\"EntryPoint\",\"urlTemplate\":\"https:\/\/prograin.ca\/international\/?s={search_term_string}\"},\"query-input\":\"required name=search_term_string\"}],\"inLanguage\":\"fr-CA\"},{\"@type\":\"Organization\",\"@id\":\"https:\/\/prograin.ca\/international\/#organization\",\"name\":\"International\",\"url\":\"https:\/\/prograin.ca\/international\/\",\"logo\":{\"@type\":\"ImageObject\",\"inLanguage\":\"fr-CA\",\"@id\":\"https:\/\/prograin.ca\/international\/#\/schema\/logo\/image\/\",\"url\":\"https:\/\/prograin.ca\/app\/uploads\/sites\/5\/2018\/11\/Prograin-logo-1.png\",\"contentUrl\":\"https:\/\/prograin.ca\/app\/uploads\/sites\/5\/2018\/11\/Prograin-logo-1.png\",\"width\":352,\"height\":85,\"caption\":\"International\"},\"image\":{\"@id\":\"https:\/\/prograin.ca\/international\/#\/schema\/logo\/image\/\"}}]}<\/script>\n<!-- \/ Yoast SEO plugin. -->","yoast_head_json":{"title":"\u666e\u4e50\u8c37\u5927\u8c46\u4e13\u5bb6 - International","robots":{"index":"index","follow":"follow","max-snippet":"max-snippet:-1","max-image-preview":"max-image-preview:large","max-video-preview":"max-video-preview:-1"},"canonical":"https:\/\/prograin.ca\/international\/zh\/\u79cd\u5b50\/\u666e\u4e50\u8c37\u5927\u8c46\u4e13\u5bb6\/","og_locale":"fr_CA","og_type":"article","og_title":"\u666e\u4e50\u8c37\u5927\u8c46\u4e13\u5bb6 - International","og_url":"https:\/\/prograin.ca\/international\/zh\/\u79cd\u5b50\/\u666e\u4e50\u8c37\u5927\u8c46\u4e13\u5bb6\/","og_site_name":"International","article_modified_time":"2020-02-17T19:17:59+00:00","twitter_card":"summary_large_image","schema":{"@context":"https:\/\/schema.org","@graph":[{"@type":"WebPage","@id":"https:\/\/prograin.ca\/international\/zh\/%e7%a7%8d%e5%ad%90\/%e6%99%ae%e4%b9%90%e8%b0%b7%e5%a4%a7%e8%b1%86%e4%b8%93%e5%ae%b6\/","url":"https:\/\/prograin.ca\/international\/zh\/%e7%a7%8d%e5%ad%90\/%e6%99%ae%e4%b9%90%e8%b0%b7%e5%a4%a7%e8%b1%86%e4%b8%93%e5%ae%b6\/","name":"\u666e\u4e50\u8c37\u5927\u8c46\u4e13\u5bb6 - International","isPartOf":{"@id":"https:\/\/prograin.ca\/international\/#website"},"datePublished":"2019-10-03T15:43:38+00:00","dateModified":"2020-02-17T19:17:59+00:00","breadcrumb":{"@id":"https:\/\/prograin.ca\/international\/zh\/%e7%a7%8d%e5%ad%90\/%e6%99%ae%e4%b9%90%e8%b0%b7%e5%a4%a7%e8%b1%86%e4%b8%93%e5%ae%b6\/#breadcrumb"},"inLanguage":"fr-CA","potentialAction":[{"@type":"ReadAction","target":["https:\/\/prograin.ca\/international\/zh\/%e7%a7%8d%e5%ad%90\/%e6%99%ae%e4%b9%90%e8%b0%b7%e5%a4%a7%e8%b1%86%e4%b8%93%e5%ae%b6\/"]}]},{"@type":"BreadcrumbList","@id":"https:\/\/prograin.ca\/international\/zh\/%e7%a7%8d%e5%ad%90\/%e6%99%ae%e4%b9%90%e8%b0%b7%e5%a4%a7%e8%b1%86%e4%b8%93%e5%ae%b6\/#breadcrumb","itemListElement":[{"@type":"ListItem","position":1,"name":"Home","item":"https:\/\/prograin.ca\/international\/fr\/"},{"@type":"ListItem","position":2,"name":"\u79cd\u5b50","item":"https:\/\/prograin.ca\/international\/zh\/%e7%a7%8d%e5%ad%90\/"},{"@type":"ListItem","position":3,"name":"\u666e\u4e50\u8c37\u5927\u8c46\u4e13\u5bb6"}]},{"@type":"WebSite","@id":"https:\/\/prograin.ca\/international\/#website","url":"https:\/\/prograin.ca\/international\/","name":"International","description":"Un site utilisant WordPress","publisher":{"@id":"https:\/\/prograin.ca\/international\/#organization"},"potentialAction":[{"@type":"SearchAction","target":{"@type":"EntryPoint","urlTemplate":"https:\/\/prograin.ca\/international\/?s={search_term_string}"},"query-input":"required name=search_term_string"}],"inLanguage":"fr-CA"},{"@type":"Organization","@id":"https:\/\/prograin.ca\/international\/#organization","name":"International","url":"https:\/\/prograin.ca\/international\/","logo":{"@type":"ImageObject","inLanguage":"fr-CA","@id":"https:\/\/prograin.ca\/international\/#\/schema\/logo\/image\/","url":"https:\/\/prograin.ca\/app\/uploads\/sites\/5\/2018\/11\/Prograin-logo-1.png","contentUrl":"https:\/\/prograin.ca\/app\/uploads\/sites\/5\/2018\/11\/Prograin-logo-1.png","width":352,"height":85,"caption":"International"},"image":{"@id":"https:\/\/prograin.ca\/international\/#\/schema\/logo\/image\/"}}]}},"featured_image_urls":{"full":"","thumbnail":"","medium":"","medium_large":"","large":"","1536x1536":"","2048x2048":"","menu-24x24":"","menu-36x36":"","menu-48x48":""},"post_excerpt_stackable":"<p>\u6211\u4eec\u7684\u79cd\u5b50\u9500\u552e\u56e2\u961f\u4f9d\u8d56\u4e8e\u6709\u7ecf\u9a8c\u7684\u4e13\u5bb6\u548c\u519c\u5b66\u4e13\u5bb6\u652f\u6301\u6211\u4eec\u516c\u53f8\u7684\u5206\u9500\u7f51\u7edc\u3002\u5728\u60a8\u751f\u4ea7\u7684\u4efb\u4f55\u9636\u6bb5\uff0c\u4ece\u64ad\u79cd\u5230\u6536\u83b7\uff0c\u90fd\u8bf7\u968f\u65f6\u4e0e\u6211\u4eec\u7684\u56e2\u961f\u6210\u5458\u8054\u7cfb\u3002\u6211\u4eec\u5f88\u4e50\u610f\u5e2e\u52a9\u4f60! 1. \u64ad\u79cd \u6574\u5730\u3001\u64ad\u79cd\u6df1\u5ea6\u3001\u64ad\u79cd\u673a\u6821\u51c6\u3001\u63a8\u8350\u54c1\u79cd\u3001\u64ad\u79cd\u5bc6\u5ea6\u7b49\u3002 2. \u4f5c\u7269\u4fdd\u62a4 \u6211\u4eec\u53ef\u4ee5\u5e2e\u52a9\u60a8\u6b63\u786e\u8bc6\u522b\u548c\u63a7\u5236\u75c5\u539f\u4f53\u548c\u5e72\u6270\u56e0\u7d20\uff0c\u5982\u6700\u5e38\u89c1\u7684\u5927\u8c46\u75be\u75c5\u3001\u6709\u5bb3\u6606\u866b\u548c\u6742\u8349\u3002 \u6211\u4eec\u7684\u56e2\u961f\u5c06\u5f88\u4e50\u610f\u6307\u5bfc\u60a8\uff0c\u4ee5\u4fbf\u60a8\u80fd\u591f\u66f4\u597d\u5730\u7406\u89e3\u4fc3\u8fdb\u4f5c\u7269\u751f\u957f\u7684\u90a3\u4e9b\u56e0\u7d20\uff0c\u53d1\u73b0\u63a7\u5236\u8fd9\u4e9b\u56e0\u7d20\u6216\u51cf\u5c11\u75c5\u866b\u8349\u5bb3\u5f71\u54cd\u7684\u5404\u79cd\u65b9\u6cd5\u3002 3. \u6536\u83b7\u8d28\u91cf \u5bf9\u4e8e\u8d2d\u4e70\u4f9b\u98df\u7528\u7684\u5927\u8c46\u7684\u4eba\u6765\u8bf4\uff0c\u5927\u8c46\u7684\u6536\u83b7\u8d28\u91cf\u548c\u5916\u89c2\u81f3\u5173\u91cd\u8981\u3002\u6536\u83b7\u662f\u83b7\u5f97\u4e00\u7ea7\u5927\u8c46\u6240\u9700\u8981\u76d1\u6d4b\u7684\u6700\u5173\u952e\u6b65\u9aa4\u4e4b\u4e00\u3002 \u6211\u4eec\u63d0\u4f9b\u5305\u542b\u5927\u8c46\u6536\u83b7\u76f8\u5173\u4fe1\u606f\u7684\u6587\u4ef6\u3002\u8bf7\u968f\u65f6\u8054\u7cfb\u6211\u4eec\u7d22\u53d6\u3002 4. \u5927\u8c46\u7684\u5b58\u50a8 \u50a8\u5b58\u5927\u8c46\u4f5c\u7269\u4f1a\u7ed9\u751f\u4ea7\u8005\u5e26\u6765\u597d\u5904\u3002\u7136\u800c\uff0c\u8981\u83b7\u5f97\u548c\u4fdd\u6301\u5927\u8c46\u7684\u8d28\u91cf\uff0c\u5373\u4f7f\u662f\u4f7f\u7528\u51e0\u4e2a\u6708\u7684\u7b52\u4ed3\uff0c\u4ecd\u5fc5\u987b\u6ee1\u8db3\u51e0\u4e2a\u57fa\u672c\u7684\u6807\u51c6\u3002 \u6211\u4eec\u7684\u56e2\u961f\u53ef\u4ee5\u5e2e\u52a9\u60a8\u4e86\u89e3\u901a\u98ce\u548c\u5e72\u71e5\u8fc7\u7a0b\u3002<\/p>\n","category_list":"","author_info":{"name":"developpe","url":"https:\/\/prograin.ca\/international\/author\/developpe\/"},"comments_num":"0 comments","featured_image_urls_v2":{"full":"","thumbnail":"","medium":"","medium_large":"","large":"","1536x1536":"","2048x2048":"","menu-24x24":"","menu-36x36":"","menu-48x48":""},"post_excerpt_stackable_v2":"<p>\u6211\u4eec\u7684\u79cd\u5b50\u9500\u552e\u56e2\u961f\u4f9d\u8d56\u4e8e\u6709\u7ecf\u9a8c\u7684\u4e13\u5bb6\u548c\u519c\u5b66\u4e13\u5bb6\u652f\u6301\u6211\u4eec\u516c\u53f8\u7684\u5206\u9500\u7f51\u7edc\u3002\u5728\u60a8\u751f\u4ea7\u7684\u4efb\u4f55\u9636\u6bb5\uff0c\u4ece\u64ad\u79cd\u5230\u6536\u83b7\uff0c\u90fd\u8bf7\u968f\u65f6\u4e0e\u6211\u4eec\u7684\u56e2\u961f\u6210\u5458\u8054\u7cfb\u3002\u6211\u4eec\u5f88\u4e50\u610f\u5e2e\u52a9\u4f60! 1. \u64ad\u79cd \u6574\u5730\u3001\u64ad\u79cd\u6df1\u5ea6\u3001\u64ad\u79cd\u673a\u6821\u51c6\u3001\u63a8\u8350\u54c1\u79cd\u3001\u64ad\u79cd\u5bc6\u5ea6\u7b49\u3002 2. \u4f5c\u7269\u4fdd\u62a4 \u6211\u4eec\u53ef\u4ee5\u5e2e\u52a9\u60a8\u6b63\u786e\u8bc6\u522b\u548c\u63a7\u5236\u75c5\u539f\u4f53\u548c\u5e72\u6270\u56e0\u7d20\uff0c\u5982\u6700\u5e38\u89c1\u7684\u5927\u8c46\u75be\u75c5\u3001\u6709\u5bb3\u6606\u866b\u548c\u6742\u8349\u3002 \u6211\u4eec\u7684\u56e2\u961f\u5c06\u5f88\u4e50\u610f\u6307\u5bfc\u60a8\uff0c\u4ee5\u4fbf\u60a8\u80fd\u591f\u66f4\u597d\u5730\u7406\u89e3\u4fc3\u8fdb\u4f5c\u7269\u751f\u957f\u7684\u90a3\u4e9b\u56e0\u7d20\uff0c\u53d1\u73b0\u63a7\u5236\u8fd9\u4e9b\u56e0\u7d20\u6216\u51cf\u5c11\u75c5\u866b\u8349\u5bb3\u5f71\u54cd\u7684\u5404\u79cd\u65b9\u6cd5\u3002 3. \u6536\u83b7\u8d28\u91cf \u5bf9\u4e8e\u8d2d\u4e70\u4f9b\u98df\u7528\u7684\u5927\u8c46\u7684\u4eba\u6765\u8bf4\uff0c\u5927\u8c46\u7684\u6536\u83b7\u8d28\u91cf\u548c\u5916\u89c2\u81f3\u5173\u91cd\u8981\u3002\u6536\u83b7\u662f\u83b7\u5f97\u4e00\u7ea7\u5927\u8c46\u6240\u9700\u8981\u76d1\u6d4b\u7684\u6700\u5173\u952e\u6b65\u9aa4\u4e4b\u4e00\u3002 \u6211\u4eec\u63d0\u4f9b\u5305\u542b\u5927\u8c46\u6536\u83b7\u76f8\u5173\u4fe1\u606f\u7684\u6587\u4ef6\u3002\u8bf7\u968f\u65f6\u8054\u7cfb\u6211\u4eec\u7d22\u53d6\u3002 4. \u5927\u8c46\u7684\u5b58\u50a8 \u50a8\u5b58\u5927\u8c46\u4f5c\u7269\u4f1a\u7ed9\u751f\u4ea7\u8005\u5e26\u6765\u597d\u5904\u3002\u7136\u800c\uff0c\u8981\u83b7\u5f97\u548c\u4fdd\u6301\u5927\u8c46\u7684\u8d28\u91cf\uff0c\u5373\u4f7f\u662f\u4f7f\u7528\u51e0\u4e2a\u6708\u7684\u7b52\u4ed3\uff0c\u4ecd\u5fc5\u987b\u6ee1\u8db3\u51e0\u4e2a\u57fa\u672c\u7684\u6807\u51c6\u3002 \u6211\u4eec\u7684\u56e2\u961f\u53ef\u4ee5\u5e2e\u52a9\u60a8\u4e86\u89e3\u901a\u98ce\u548c\u5e72\u71e5\u8fc7\u7a0b\u3002<\/p>\n","category_list_v2":"","author_info_v2":{"name":"developpe","url":"https:\/\/prograin.ca\/international\/author\/developpe\/"},"comments_num_v2":"0 comments","coauthors":[],"author_meta":{"author_link":"https:\/\/prograin.ca\/international\/author\/developpe\/","display_name":"developpe"},"relative_dates":{"created":"Posted 7 ann\u00e9es ago","modified":"Updated 6 ann\u00e9es ago"},"absolute_dates":{"created":"Posted on 3 octobre 2019","modified":"Updated on 17 f\u00e9vrier 2020"},"absolute_dates_time":{"created":"Posted on 3 octobre 2019 15 h 43 min","modified":"Updated on 17 f\u00e9vrier 2020 19 h 17 min"},"featured_img_caption":"","featured_img":false,"series_order":"","_links":{"self":[{"href":"https:\/\/prograin.ca\/international\/wp-json\/wp\/v2\/pages\/22965"}],"collection":[{"href":"https:\/\/prograin.ca\/international\/wp-json\/wp\/v2\/pages"}],"about":[{"href":"https:\/\/prograin.ca\/international\/wp-json\/wp\/v2\/types\/page"}],"author":[{"embeddable":true,"href":"https:\/\/prograin.ca\/international\/wp-json\/wp\/v2\/users\/1"}],"replies":[{"embeddable":true,"href":"https:\/\/prograin.ca\/international\/wp-json\/wp\/v2\/comments?post=22965"}],"version-history":[{"count":4,"href":"https:\/\/prograin.ca\/international\/wp-json\/wp\/v2\/pages\/22965\/revisions"}],"predecessor-version":[{"id":23091,"href":"https:\/\/prograin.ca\/international\/wp-json\/wp\/v2\/pages\/22965\/revisions\/23091"}],"up":[{"embeddable":true,"href":"https:\/\/prograin.ca\/international\/wp-json\/wp\/v2\/pages\/22964"}],"wp:attachment":[{"href":"https:\/\/prograin.ca\/international\/wp-json\/wp\/v2\/media?parent=22965"}],"curies":[{"name":"wp","href":"https:\/\/api.w.org\/{rel}","templated":true}]}}