
{"id":22966,"date":"2019-10-03T15:43:38","date_gmt":"2019-10-03T15:43:38","guid":{"rendered":"https:\/\/prograin.ca\/international\/%e7%a0%94%e5%8f%91\/"},"modified":"2020-02-17T19:18:23","modified_gmt":"2020-02-17T19:18:23","slug":"%e7%a0%94%e5%8f%91","status":"publish","type":"page","link":"https:\/\/prograin.ca\/international\/zh\/%e7%a0%94%e5%8f%91\/","title":{"rendered":"\u7814\u53d1"},"content":{"rendered":"\n<div class=\"wp-block-prograin-section-block prograin-home\"><ul class=\"subsection\">\n<li class=\"PageTitle\"><h1>\u7814\u53d1<\/h1><div class=\"prograin-home-slide dark\" style=\"background-image:url(https:\/\/prograin.ca\/app\/uploads\/sites\/5\/2018\/11\/Prograin_recherche_final_2311.jpg);background-size:cover\"><div class=\"verticalbg\" style=\"background-size:cover\"><\/div><div class=\"inside\" style=\"padding-right:50&nbsp;%\">\n<h2><span style=\"color:#ffffff\" class=\"color\"> <\/span><strong><span style=\"color:#ffffff\" class=\"color\">\u7814\u53d1<\/span><\/strong><span style=\"color:#ffffff\" class=\"color\"> <\/span><\/h2>\n\n\n\n<p style=\"font-size:28px\"><span style=\"color:#ffffff\" class=\"color\">\u6211\u4eec\u62e5\u6709\u4e00\u4e2a\u4e13\u95e8\u7684\u7814\u7a76\u56e2\u961f\uff0c\u7531\u4e00\u7ec4\u4e13\u5bb6\u7ec4\u6210\uff0c\u4ed6\u4eec\u7684\u4e13\u4e1a\u77e5\u8bc6\u5f97\u5230\u4e86\u8ba4\u53ef\u3002\u6211\u4eec\u7684\u7814\u7a76\u91cd\u70b9\u662f\u5f00\u53d1\u6ee1\u8db3\u751f\u4ea7\u8005\u548c\u52a0\u5de5\u5546\u9700\u6c42\u7684\u4f9b\u5927\u8c46\u6d88\u8d39\u8005\u6d88\u8d39\u7684\u54c1\u79cd\u3002 <\/span><\/p>\n\n\n\n<div style=\"height:20px\" aria-hidden=\"true\" class=\"wp-block-spacer\"><\/div>\n\n\n\n<div class=\"wp-block-button is-style-squared\"><a class=\"wp-block-button__link has-background has-luminous-vivid-orange-background-color\" href=\"https:\/\/prograin.ca\/international\/zh\/%e7&nbsp;%a0&nbsp;%94&nbsp;%e5&nbsp;%8f%91\/%e5&nbsp;%a4&nbsp;%a7&nbsp;%e7&nbsp;%94&nbsp;%b0&nbsp;%e7&nbsp;%a0&nbsp;%94&nbsp;%e5&nbsp;%8f%91\/\"> \u4e86\u89e3\u66f4\u591a\u7814\u53d1 <br><\/a><\/div>\n\n\n\n<div style=\"height:20px\" aria-hidden=\"true\" class=\"wp-block-spacer\"><\/div>\n\n\n\n<div class=\"wp-block-button is-style-squared\"><a class=\"wp-block-button__link has-background has-luminous-vivid-orange-background-color\" href=\"https:\/\/prograin.ca\/international\/zh\/%e7&nbsp;%a0&nbsp;%94&nbsp;%e5&nbsp;%8f%91\/%e7&nbsp;%bb%88&nbsp;%e7&nbsp;%ab%af%e4&nbsp;%ba%a7&nbsp;%e5&nbsp;%93&nbsp;%81&nbsp;%e8&nbsp;%b4&nbsp;%a8&nbsp;%e9&nbsp;%87&nbsp;%8f\/\"> \u4e86\u89e3\u66f4\u591a\u2edd\u54c1\u7ea7\u2f24\u2f96\u7684\u7814\u53d1 <br><\/a><\/div>\n<\/div><\/div><\/li>\n\n\n\n<li><a href=\"https:\/\/prograin.ca\/international\/zh\/%e7&nbsp;%a0&nbsp;%94&nbsp;%e5&nbsp;%8f%91\/%e5&nbsp;%a4&nbsp;%a7&nbsp;%e7&nbsp;%94&nbsp;%b0&nbsp;%e7&nbsp;%a0&nbsp;%94&nbsp;%e5&nbsp;%8f%91\/\">\u5927\u7530\u7814\u53d1<\/a><div class=\"prograin-home-slide dark\" style=\"background-image:url(https:\/\/prograin.ca\/app\/uploads\/sites\/5\/2018\/11\/recherche_et_developpement_semences.jpg);background-size:cover\"><div class=\"verticalbg\" style=\"background-size:cover\"><\/div><div class=\"inside\" style=\"padding-right:50&nbsp;%\">\n<h2> <span style=\"color:#ffffff\" class=\"color\">\u7814\u53d1\u662f\u6211\u4eec\u4f01\u4e1a\u7684\u6838\u5fc3 <br><\/span><\/h2>\n\n\n\n<p style=\"font-size:28px\"><span style=\"color:#ffffff\" class=\"color\">  \u6211\u4eec\u76f8\u4fe1\u519c\u4e1a\u79d1\u6280\u5bf9\u519c\u6c11\u7684\u4ef7\u503c\uff0c\u6211\u4eec\u4f1a\u5c3d\u4e00\u5207\u52aa\u529b\u8ba9\u6211\u4eec\u7684\u519c\u4e1a\u6280\u672f\u670d\u52a1\u4e8e\u519c\u6c11\u3002<\/span><\/p>\n\n\n\n<div style=\"height:20px\" aria-hidden=\"true\" class=\"wp-block-spacer\"><\/div>\n\n\n\n<div class=\"wp-block-button is-style-squared\"><a class=\"wp-block-button__link has-background has-luminous-vivid-orange-background-color\" href=\"https:\/\/prograin.ca\/international\/zh\/\u7814\u53d1\/\u5927\u7530\u7814\u53d1\/\"> \u4e86\u89e3\u66f4\u591a\u5173\u4e8e\u6211\u4eec\u7814\u53d1\u548c\u79d1\u7814\u2f6c\u6807 <br><\/a><\/div>\n<\/div><\/div><\/li>\n\n\n\n<li><a href=\"https:\/\/prograin.ca\/international\/zh\/%e7&nbsp;%a0&nbsp;%94&nbsp;%e5&nbsp;%8f%91\/%e7&nbsp;%bb%88&nbsp;%e7&nbsp;%ab%af%e4&nbsp;%ba%a7&nbsp;%e5&nbsp;%93&nbsp;%81&nbsp;%e8&nbsp;%b4&nbsp;%a8&nbsp;%e9&nbsp;%87&nbsp;%8f\/\">\u7ec8\u7aef\u4ea7\u54c1\u8d28\u91cf<\/a><div class=\"prograin-home-slide dark\" style=\"background-image:url(https:\/\/prograin.ca\/app\/uploads\/sites\/5\/2018\/11\/recherche_et_developpement_soyas.jpg);background-size:cover\"><div class=\"verticalbg\" style=\"background-size:cover\"><\/div><div class=\"inside\" style=\"padding-right:50&nbsp;%\">\n<h2> <span style=\"color:#ffffff\" class=\"color\">\u81f4\u529b\u4e8e\u7814\u53d1\u6700\u597d\u7684\u54c1\u79cd,\u4ee5\u6ee1\u8db3\u5ba2\u6237\u9700\u6c42\u3002 <\/span><\/h2>\n\n\n\n<p style=\"font-size:28px\"><span style=\"color:#ffffff\" class=\"color\">\u6700\u7ec8\u4ea7\u54c1\u7684\u8d28\u91cf\u5bf9\u6211\u4eec\u6765\u8bf4\u81f3\u5173\u91cd\u8981\u3002\u56e0\u6b64\uff0c\u6211\u4eec\u5b9e\u65bd\u4e86\u4e00\u9879\u72ec\u7279\u7684\u7814\u7a76\u534f\u8bae\uff0c\u4f7f\u6211\u4eec\u80fd\u591f\u6ee1\u8db3\u5ba2\u6237\u6700\u5177\u4f53\u7684\u9700\u6c42\u3002 \u4e86\u89e3\u66f4\u591a\u6709\u5173\u6211\u4eec\u7684\u7814\u53d1\u76ee\u6807 <\/span><\/p>\n\n\n\n<div style=\"height:20px\" aria-hidden=\"true\" class=\"wp-block-spacer\"><\/div>\n\n\n\n<div class=\"wp-block-button is-style-squared\"><a class=\"wp-block-button__link has-background has-luminous-vivid-orange-background-color\" href=\"https:\/\/prograin.ca\/international\/zh\/%e7&nbsp;%a0&nbsp;%94&nbsp;%e5&nbsp;%8f%91\/%e7&nbsp;%bb%88&nbsp;%e7&nbsp;%ab%af%e4&nbsp;%ba%a7&nbsp;%e5&nbsp;%93&nbsp;%81&nbsp;%e8&nbsp;%b4&nbsp;%a8&nbsp;%e9&nbsp;%87&nbsp;%8f\/\"> \u4e86\u89e3\u66f4\u591a\u5173\u4e8e\u6211\u4eec\u7814\u53d1\u548c\u79d1\u7814\u2f6c\u6807 <br><\/a><\/div>\n<\/div><\/div><\/li>\n<\/ul><\/div>\n","protected":false},"excerpt":{"rendered":"","protected":false},"author":1,"featured_media":0,"parent":0,"menu_order":3,"comment_status":"closed","ping_status":"closed","template":"accueil","meta":{"advgb_blocks_editor_width":"","advgb_blocks_columns_visual_guide":""},"yoast_head":"<!-- This site is optimized with the Yoast SEO plugin v19.11 - https:\/\/yoast.com\/wordpress\/plugins\/seo\/ -->\n<title>\u7814\u53d1 - International<\/title>\n<meta name=\"robots\" content=\"index, follow, max-snippet:-1, max-image-preview:large, max-video-preview:-1\" \/>\n<link rel=\"canonical\" href=\"https:\/\/prograin.ca\/international\/zh\/\u7814\u53d1\/\" \/>\n<meta property=\"og:locale\" content=\"fr_CA\" \/>\n<meta property=\"og:type\" content=\"article\" \/>\n<meta property=\"og:title\" content=\"\u7814\u53d1 - International\" \/>\n<meta property=\"og:url\" content=\"https:\/\/prograin.ca\/international\/zh\/\u7814\u53d1\/\" \/>\n<meta property=\"og:site_name\" content=\"International\" \/>\n<meta property=\"article:modified_time\" content=\"2020-02-17T19:18:23+00:00\" \/>\n<meta name=\"twitter:card\" content=\"summary_large_image\" \/>\n<script type=\"application\/ld+json\" class=\"yoast-schema-graph\">{\"@context\":\"https:\/\/schema.org\",\"@graph\":[{\"@type\":\"WebPage\",\"@id\":\"https:\/\/prograin.ca\/international\/zh\/%e7%a0%94%e5%8f%91\/\",\"url\":\"https:\/\/prograin.ca\/international\/zh\/%e7%a0%94%e5%8f%91\/\",\"name\":\"\u7814\u53d1 - International\",\"isPartOf\":{\"@id\":\"https:\/\/prograin.ca\/international\/#website\"},\"datePublished\":\"2019-10-03T15:43:38+00:00\",\"dateModified\":\"2020-02-17T19:18:23+00:00\",\"breadcrumb\":{\"@id\":\"https:\/\/prograin.ca\/international\/zh\/%e7%a0%94%e5%8f%91\/#breadcrumb\"},\"inLanguage\":\"fr-CA\",\"potentialAction\":[{\"@type\":\"ReadAction\",\"target\":[\"https:\/\/prograin.ca\/international\/zh\/%e7%a0%94%e5%8f%91\/\"]}]},{\"@type\":\"BreadcrumbList\",\"@id\":\"https:\/\/prograin.ca\/international\/zh\/%e7%a0%94%e5%8f%91\/#breadcrumb\",\"itemListElement\":[{\"@type\":\"ListItem\",\"position\":1,\"name\":\"Home\",\"item\":\"https:\/\/prograin.ca\/international\/fr\/\"},{\"@type\":\"ListItem\",\"position\":2,\"name\":\"\u7814\u53d1\"}]},{\"@type\":\"WebSite\",\"@id\":\"https:\/\/prograin.ca\/international\/#website\",\"url\":\"https:\/\/prograin.ca\/international\/\",\"name\":\"International\",\"description\":\"Un site utilisant WordPress\",\"publisher\":{\"@id\":\"https:\/\/prograin.ca\/international\/#organization\"},\"potentialAction\":[{\"@type\":\"SearchAction\",\"target\":{\"@type\":\"EntryPoint\",\"urlTemplate\":\"https:\/\/prograin.ca\/international\/?s={search_term_string}\"},\"query-input\":\"required name=search_term_string\"}],\"inLanguage\":\"fr-CA\"},{\"@type\":\"Organization\",\"@id\":\"https:\/\/prograin.ca\/international\/#organization\",\"name\":\"International\",\"url\":\"https:\/\/prograin.ca\/international\/\",\"logo\":{\"@type\":\"ImageObject\",\"inLanguage\":\"fr-CA\",\"@id\":\"https:\/\/prograin.ca\/international\/#\/schema\/logo\/image\/\",\"url\":\"https:\/\/prograin.ca\/app\/uploads\/sites\/5\/2018\/11\/Prograin-logo-1.png\",\"contentUrl\":\"https:\/\/prograin.ca\/app\/uploads\/sites\/5\/2018\/11\/Prograin-logo-1.png\",\"width\":352,\"height\":85,\"caption\":\"International\"},\"image\":{\"@id\":\"https:\/\/prograin.ca\/international\/#\/schema\/logo\/image\/\"}}]}<\/script>\n<!-- \/ Yoast SEO plugin. -->","yoast_head_json":{"title":"\u7814\u53d1 - International","robots":{"index":"index","follow":"follow","max-snippet":"max-snippet:-1","max-image-preview":"max-image-preview:large","max-video-preview":"max-video-preview:-1"},"canonical":"https:\/\/prograin.ca\/international\/zh\/\u7814\u53d1\/","og_locale":"fr_CA","og_type":"article","og_title":"\u7814\u53d1 - International","og_url":"https:\/\/prograin.ca\/international\/zh\/\u7814\u53d1\/","og_site_name":"International","article_modified_time":"2020-02-17T19:18:23+00:00","twitter_card":"summary_large_image","schema":{"@context":"https:\/\/schema.org","@graph":[{"@type":"WebPage","@id":"https:\/\/prograin.ca\/international\/zh\/%e7%a0%94%e5%8f%91\/","url":"https:\/\/prograin.ca\/international\/zh\/%e7%a0%94%e5%8f%91\/","name":"\u7814\u53d1 - International","isPartOf":{"@id":"https:\/\/prograin.ca\/international\/#website"},"datePublished":"2019-10-03T15:43:38+00:00","dateModified":"2020-02-17T19:18:23+00:00","breadcrumb":{"@id":"https:\/\/prograin.ca\/international\/zh\/%e7%a0%94%e5%8f%91\/#breadcrumb"},"inLanguage":"fr-CA","potentialAction":[{"@type":"ReadAction","target":["https:\/\/prograin.ca\/international\/zh\/%e7%a0%94%e5%8f%91\/"]}]},{"@type":"BreadcrumbList","@id":"https:\/\/prograin.ca\/international\/zh\/%e7%a0%94%e5%8f%91\/#breadcrumb","itemListElement":[{"@type":"ListItem","position":1,"name":"Home","item":"https:\/\/prograin.ca\/international\/fr\/"},{"@type":"ListItem","position":2,"name":"\u7814\u53d1"}]},{"@type":"WebSite","@id":"https:\/\/prograin.ca\/international\/#website","url":"https:\/\/prograin.ca\/international\/","name":"International","description":"Un site utilisant WordPress","publisher":{"@id":"https:\/\/prograin.ca\/international\/#organization"},"potentialAction":[{"@type":"SearchAction","target":{"@type":"EntryPoint","urlTemplate":"https:\/\/prograin.ca\/international\/?s={search_term_string}"},"query-input":"required name=search_term_string"}],"inLanguage":"fr-CA"},{"@type":"Organization","@id":"https:\/\/prograin.ca\/international\/#organization","name":"International","url":"https:\/\/prograin.ca\/international\/","logo":{"@type":"ImageObject","inLanguage":"fr-CA","@id":"https:\/\/prograin.ca\/international\/#\/schema\/logo\/image\/","url":"https:\/\/prograin.ca\/app\/uploads\/sites\/5\/2018\/11\/Prograin-logo-1.png","contentUrl":"https:\/\/prograin.ca\/app\/uploads\/sites\/5\/2018\/11\/Prograin-logo-1.png","width":352,"height":85,"caption":"International"},"image":{"@id":"https:\/\/prograin.ca\/international\/#\/schema\/logo\/image\/"}}]}},"featured_image_urls":{"full":"","thumbnail":"","medium":"","medium_large":"","large":"","1536x1536":"","2048x2048":"","menu-24x24":"","menu-36x36":"","menu-48x48":""},"post_excerpt_stackable":"<p>\u7814\u53d1 \u7814\u53d1 \u6211\u4eec\u62e5\u6709\u4e00\u4e2a\u4e13\u95e8\u7684\u7814\u7a76\u56e2\u961f\uff0c\u7531\u4e00\u7ec4\u4e13\u5bb6\u7ec4\u6210\uff0c\u4ed6\u4eec\u7684\u4e13\u4e1a\u77e5\u8bc6\u5f97\u5230\u4e86\u8ba4\u53ef\u3002\u6211\u4eec\u7684\u7814\u7a76\u91cd\u70b9\u662f\u5f00\u53d1\u6ee1\u8db3\u751f\u4ea7\u8005\u548c\u52a0\u5de5\u5546\u9700\u6c42\u7684\u4f9b\u5927\u8c46\u6d88\u8d39\u8005\u6d88\u8d39\u7684\u54c1\u79cd\u3002 \u4e86\u89e3\u66f4\u591a\u7814\u53d1 \u4e86\u89e3\u66f4\u591a\u2edd\u54c1\u7ea7\u2f24\u2f96\u7684\u7814\u53d1 \u5927\u7530\u7814\u53d1 \u7814\u53d1\u662f\u6211\u4eec\u4f01\u4e1a\u7684\u6838\u5fc3 \u6211\u4eec\u76f8\u4fe1\u519c\u4e1a\u79d1\u6280\u5bf9\u519c\u6c11\u7684\u4ef7\u503c\uff0c\u6211\u4eec\u4f1a\u5c3d\u4e00\u5207\u52aa\u529b\u8ba9\u6211\u4eec\u7684\u519c\u4e1a\u6280\u672f\u670d\u52a1\u4e8e\u519c\u6c11\u3002 \u4e86\u89e3\u66f4\u591a\u5173\u4e8e\u6211\u4eec\u7814\u53d1\u548c\u79d1\u7814\u2f6c\u6807 \u7ec8\u7aef\u4ea7\u54c1\u8d28\u91cf \u81f4\u529b\u4e8e\u7814\u53d1\u6700\u597d\u7684\u54c1\u79cd,\u4ee5\u6ee1\u8db3\u5ba2\u6237\u9700\u6c42\u3002 \u6700\u7ec8\u4ea7\u54c1\u7684\u8d28\u91cf\u5bf9\u6211\u4eec\u6765\u8bf4\u81f3\u5173\u91cd\u8981\u3002\u56e0\u6b64\uff0c\u6211\u4eec\u5b9e\u65bd\u4e86\u4e00\u9879\u72ec\u7279\u7684\u7814\u7a76\u534f\u8bae\uff0c\u4f7f\u6211\u4eec\u80fd\u591f\u6ee1\u8db3\u5ba2\u6237\u6700\u5177\u4f53\u7684\u9700\u6c42\u3002 \u4e86\u89e3\u66f4\u591a\u6709\u5173\u6211\u4eec\u7684\u7814\u53d1\u76ee\u6807 \u4e86\u89e3\u66f4\u591a\u5173\u4e8e\u6211\u4eec\u7814\u53d1\u548c\u79d1\u7814\u2f6c\u6807<\/p>\n","category_list":"","author_info":{"name":"developpe","url":"https:\/\/prograin.ca\/international\/author\/developpe\/"},"comments_num":"0 comments","featured_image_urls_v2":{"full":"","thumbnail":"","medium":"","medium_large":"","large":"","1536x1536":"","2048x2048":"","menu-24x24":"","menu-36x36":"","menu-48x48":""},"post_excerpt_stackable_v2":"<p>\u7814\u53d1 \u7814\u53d1 \u6211\u4eec\u62e5\u6709\u4e00\u4e2a\u4e13\u95e8\u7684\u7814\u7a76\u56e2\u961f\uff0c\u7531\u4e00\u7ec4\u4e13\u5bb6\u7ec4\u6210\uff0c\u4ed6\u4eec\u7684\u4e13\u4e1a\u77e5\u8bc6\u5f97\u5230\u4e86\u8ba4\u53ef\u3002\u6211\u4eec\u7684\u7814\u7a76\u91cd\u70b9\u662f\u5f00\u53d1\u6ee1\u8db3\u751f\u4ea7\u8005\u548c\u52a0\u5de5\u5546\u9700\u6c42\u7684\u4f9b\u5927\u8c46\u6d88\u8d39\u8005\u6d88\u8d39\u7684\u54c1\u79cd\u3002 \u4e86\u89e3\u66f4\u591a\u7814\u53d1 \u4e86\u89e3\u66f4\u591a\u2edd\u54c1\u7ea7\u2f24\u2f96\u7684\u7814\u53d1 \u5927\u7530\u7814\u53d1 \u7814\u53d1\u662f\u6211\u4eec\u4f01\u4e1a\u7684\u6838\u5fc3 \u6211\u4eec\u76f8\u4fe1\u519c\u4e1a\u79d1\u6280\u5bf9\u519c\u6c11\u7684\u4ef7\u503c\uff0c\u6211\u4eec\u4f1a\u5c3d\u4e00\u5207\u52aa\u529b\u8ba9\u6211\u4eec\u7684\u519c\u4e1a\u6280\u672f\u670d\u52a1\u4e8e\u519c\u6c11\u3002 \u4e86\u89e3\u66f4\u591a\u5173\u4e8e\u6211\u4eec\u7814\u53d1\u548c\u79d1\u7814\u2f6c\u6807 \u7ec8\u7aef\u4ea7\u54c1\u8d28\u91cf \u81f4\u529b\u4e8e\u7814\u53d1\u6700\u597d\u7684\u54c1\u79cd,\u4ee5\u6ee1\u8db3\u5ba2\u6237\u9700\u6c42\u3002 \u6700\u7ec8\u4ea7\u54c1\u7684\u8d28\u91cf\u5bf9\u6211\u4eec\u6765\u8bf4\u81f3\u5173\u91cd\u8981\u3002\u56e0\u6b64\uff0c\u6211\u4eec\u5b9e\u65bd\u4e86\u4e00\u9879\u72ec\u7279\u7684\u7814\u7a76\u534f\u8bae\uff0c\u4f7f\u6211\u4eec\u80fd\u591f\u6ee1\u8db3\u5ba2\u6237\u6700\u5177\u4f53\u7684\u9700\u6c42\u3002 \u4e86\u89e3\u66f4\u591a\u6709\u5173\u6211\u4eec\u7684\u7814\u53d1\u76ee\u6807 \u4e86\u89e3\u66f4\u591a\u5173\u4e8e\u6211\u4eec\u7814\u53d1\u548c\u79d1\u7814\u2f6c\u6807<\/p>\n","category_list_v2":"","author_info_v2":{"name":"developpe","url":"https:\/\/prograin.ca\/international\/author\/developpe\/"},"comments_num_v2":"0 comments","coauthors":[],"author_meta":{"author_link":"https:\/\/prograin.ca\/international\/author\/developpe\/","display_name":"developpe"},"relative_dates":{"created":"Posted 7 ann\u00e9es ago","modified":"Updated 6 ann\u00e9es ago"},"absolute_dates":{"created":"Posted on 3 octobre 2019","modified":"Updated on 17 f\u00e9vrier 2020"},"absolute_dates_time":{"created":"Posted on 3 octobre 2019 15 h 43 min","modified":"Updated on 17 f\u00e9vrier 2020 19 h 18 min"},"featured_img_caption":"","featured_img":false,"series_order":"","_links":{"self":[{"href":"https:\/\/prograin.ca\/international\/wp-json\/wp\/v2\/pages\/22966"}],"collection":[{"href":"https:\/\/prograin.ca\/international\/wp-json\/wp\/v2\/pages"}],"about":[{"href":"https:\/\/prograin.ca\/international\/wp-json\/wp\/v2\/types\/page"}],"author":[{"embeddable":true,"href":"https:\/\/prograin.ca\/international\/wp-json\/wp\/v2\/users\/1"}],"replies":[{"embeddable":true,"href":"https:\/\/prograin.ca\/international\/wp-json\/wp\/v2\/comments?post=22966"}],"version-history":[{"count":7,"href":"https:\/\/prograin.ca\/international\/wp-json\/wp\/v2\/pages\/22966\/revisions"}],"predecessor-version":[{"id":23147,"href":"https:\/\/prograin.ca\/international\/wp-json\/wp\/v2\/pages\/22966\/revisions\/23147"}],"wp:attachment":[{"href":"https:\/\/prograin.ca\/international\/wp-json\/wp\/v2\/media?parent=22966"}],"curies":[{"name":"wp","href":"https:\/\/api.w.org\/{rel}","templated":true}]}}