
{"id":24,"date":"2018-11-16T20:48:41","date_gmt":"2018-11-16T20:48:41","guid":{"rendered":"https:\/\/prograin.ca\/?page_id=24"},"modified":"2019-03-21T18:15:56","modified_gmt":"2019-03-21T18:15:56","slug":"entreprise","status":"publish","type":"page","link":"https:\/\/prograin.ca\/international\/fr\/entreprise\/","title":{"rendered":"L&#8217;entreprise"},"content":{"rendered":"\n<div class=\"wp-block-prograin-section-block alignfull prograin-home\"><ul class=\"subsection\">\n<li class=\"PageTitle\"><h1>L&#8217;entreprise<\/h1><div class=\"prograin-home-slide dark verticalbg\" style=\"color:#eeeeee;background-image:url(https:\/\/prograin.ca\/app\/uploads\/2019\/01\/entreprise_bg.jpg);background-size:cover\"><div class=\"verticalbg\" style=\"background-image:url(https:\/\/prograin.ca\/app\/uploads\/2019\/01\/accueil_entreprise.jpg);background-size:cover\"><\/div><div class=\"inside\" style=\"padding-right:\">\n<h2>Notre expertise \u00e0 votre service<\/h2>\n\n\n\n<div class=\"wp-container-3 wp-block-columns has-2-columns\">\n<div class=\"wp-container-1 wp-block-column\">\n<p> Depuis 1980, nous sommes fiers de partager notre savoir-faire. Les valeurs de notre entreprise forgent notre identit\u00e9 et guident toutes nos d\u00e9cisions. <\/p>\n<\/div>\n\n\n\n<div class=\"wp-container-2 wp-block-column\"><\/div>\n<\/div>\n\n\n\n<div style=\"height:20px\" aria-hidden=\"true\" class=\"wp-block-spacer\"><\/div>\n\n\n\n<div class=\"wp-block-button is-style-squared\"><a class=\"wp-block-button__link\" href=\"https:\/\/prograin.ca\/international\/entreprise\/a-propos-de-nous\/\">POUR EN SAVOIR PLUS<\/a><\/div>\n<\/div><\/div><\/li>\n\n\n\n<li><a href=\"https:\/\/prograin.ca\/international\/fr\/entreprise\/a-propos-de-nous\/\">\u00c0 propos<\/a><div class=\"prograin-home-slide dark\" style=\"color:#eeeeee;background-image:url(https:\/\/prograin.ca\/app\/uploads\/2019\/01\/a-propos_bg.jpg);background-size:cover;background-position:34.008097165991906&nbsp;% 65.18218623481782&nbsp;%\"><div class=\"verticalbg\" style=\"background-size:cover\"><\/div><div class=\"inside\" style=\"padding-right:\">\n<h2>Notre mission<\/h2>\n\n\n\n<p>D\u00e9velopper, conditionner, transformer et commercialiser efficacement des f\u00e8ves de soya de qualit\u00e9 sup\u00e9rieure afin de satisfaire les besoins sp\u00e9cifiques de notre client\u00e8le agricole et commerciale.<\/p>\n\n\n\n<div style=\"height:20px\" aria-hidden=\"true\" class=\"wp-block-spacer\"><\/div>\n\n\n\n<div class=\"wp-block-button is-style-squared\"><a class=\"wp-block-button__link\" href=\"https:\/\/prograin.ca\/international\/entreprise\/a-propos-de-nous\/\">POUR EN SAVOIR PLUS<\/a><\/div>\n<\/div><\/div><\/li>\n\n\n\n<li><a href=\"https:\/\/prograin.ca\/international\/fr\/entreprise\/equipe\/\">\u00c9quipe<\/a><div class=\"prograin-home-slide dark\" style=\"color:#eeeeee;background-image:url(https:\/\/prograin.ca\/app\/uploads\/2019\/01\/equipe_bg.jpg);background-size:cover;background-position:51.821862348178136&nbsp;% 57.89473684210526&nbsp;%\"><div class=\"verticalbg\" style=\"background-size:cover\"><\/div><div class=\"inside\" style=\"padding-right:\">\n<h2>\u00c9quipe<\/h2>\n\n\n\n<p>Dynamiques, proactifs et reconnus pour leur savoir-faire et leur professionnalisme, tous les membres de notre grande famille partagent une v\u00e9ritable passion pour le soya. <\/p>\n\n\n\n<div style=\"height:20px\" aria-hidden=\"true\" class=\"wp-block-spacer\"><\/div>\n\n\n\n<div class=\"wp-block-button is-style-squared\"><a class=\"wp-block-button__link\" href=\"https:\/\/prograin.ca\/international\/entreprise\/equipe\/\">POUR EN SAVOIR PLUS<\/a><\/div>\n<\/div><\/div><\/li>\n<\/ul><\/div>\n","protected":false},"excerpt":{"rendered":"","protected":false},"author":1,"featured_media":0,"parent":0,"menu_order":4,"comment_status":"closed","ping_status":"closed","template":"accueil","meta":{"advgb_blocks_editor_width":"","advgb_blocks_columns_visual_guide":""},"yoast_head":"<!-- This site is optimized with the Yoast SEO plugin v19.11 - https:\/\/yoast.com\/wordpress\/plugins\/seo\/ -->\n<title>Prograin | La plus importante entreprise priv\u00e9e de soya \u00e0 valeur ajout\u00e9e au Canada<\/title>\n<meta name=\"description\" content=\"Prograin poss\u00e8de une expertise exceptionnelle et des techniques de pointe dans le d\u00e9veloppement, le conditionnement, la transformation et la commercialisation de soya de qualit\u00e9 sup\u00e9rieure.\" \/>\n<meta name=\"robots\" content=\"index, follow, max-snippet:-1, max-image-preview:large, max-video-preview:-1\" \/>\n<link rel=\"canonical\" href=\"https:\/\/prograin.ca\/international\/fr\/entreprise\/\" \/>\n<meta property=\"og:locale\" content=\"fr_CA\" \/>\n<meta property=\"og:type\" content=\"article\" \/>\n<meta property=\"og:title\" content=\"Prograin | La plus importante entreprise priv\u00e9e de soya \u00e0 valeur ajout\u00e9e au Canada\" \/>\n<meta property=\"og:description\" content=\"Prograin poss\u00e8de une expertise exceptionnelle et des techniques de pointe dans le d\u00e9veloppement, le conditionnement, la transformation et la commercialisation de soya de qualit\u00e9 sup\u00e9rieure.\" \/>\n<meta property=\"og:url\" content=\"https:\/\/prograin.ca\/international\/fr\/entreprise\/\" \/>\n<meta property=\"og:site_name\" content=\"International\" \/>\n<meta property=\"article:modified_time\" content=\"2019-03-21T18:15:56+00:00\" \/>\n<meta name=\"twitter:card\" content=\"summary_large_image\" \/>\n<meta name=\"twitter:label1\" content=\"Estimation du temps de lecture\" \/>\n\t<meta name=\"twitter:data1\" content=\"1 minute\" \/>\n<script type=\"application\/ld+json\" class=\"yoast-schema-graph\">{\"@context\":\"https:\/\/schema.org\",\"@graph\":[{\"@type\":\"WebPage\",\"@id\":\"https:\/\/prograin.ca\/international\/fr\/entreprise\/\",\"url\":\"https:\/\/prograin.ca\/international\/fr\/entreprise\/\",\"name\":\"Prograin | La plus importante entreprise priv\u00e9e de soya \u00e0 valeur ajout\u00e9e au Canada\",\"isPartOf\":{\"@id\":\"https:\/\/prograin.ca\/international\/#website\"},\"datePublished\":\"2018-11-16T20:48:41+00:00\",\"dateModified\":\"2019-03-21T18:15:56+00:00\",\"description\":\"Prograin poss\u00e8de une expertise exceptionnelle et des techniques de pointe dans le d\u00e9veloppement, le conditionnement, la transformation et la commercialisation de soya de qualit\u00e9 sup\u00e9rieure.\",\"breadcrumb\":{\"@id\":\"https:\/\/prograin.ca\/international\/fr\/entreprise\/#breadcrumb\"},\"inLanguage\":\"fr-CA\",\"potentialAction\":[{\"@type\":\"ReadAction\",\"target\":[\"https:\/\/prograin.ca\/international\/fr\/entreprise\/\"]}]},{\"@type\":\"BreadcrumbList\",\"@id\":\"https:\/\/prograin.ca\/international\/fr\/entreprise\/#breadcrumb\",\"itemListElement\":[{\"@type\":\"ListItem\",\"position\":1,\"name\":\"Home\",\"item\":\"https:\/\/prograin.ca\/international\/fr\/\"},{\"@type\":\"ListItem\",\"position\":2,\"name\":\"L&rsquo;entreprise\"}]},{\"@type\":\"WebSite\",\"@id\":\"https:\/\/prograin.ca\/international\/#website\",\"url\":\"https:\/\/prograin.ca\/international\/\",\"name\":\"International\",\"description\":\"Un site utilisant WordPress\",\"publisher\":{\"@id\":\"https:\/\/prograin.ca\/international\/#organization\"},\"potentialAction\":[{\"@type\":\"SearchAction\",\"target\":{\"@type\":\"EntryPoint\",\"urlTemplate\":\"https:\/\/prograin.ca\/international\/?s={search_term_string}\"},\"query-input\":\"required name=search_term_string\"}],\"inLanguage\":\"fr-CA\"},{\"@type\":\"Organization\",\"@id\":\"https:\/\/prograin.ca\/international\/#organization\",\"name\":\"International\",\"url\":\"https:\/\/prograin.ca\/international\/\",\"logo\":{\"@type\":\"ImageObject\",\"inLanguage\":\"fr-CA\",\"@id\":\"https:\/\/prograin.ca\/international\/#\/schema\/logo\/image\/\",\"url\":\"https:\/\/prograin.ca\/app\/uploads\/sites\/5\/2018\/11\/Prograin-logo-1.png\",\"contentUrl\":\"https:\/\/prograin.ca\/app\/uploads\/sites\/5\/2018\/11\/Prograin-logo-1.png\",\"width\":352,\"height\":85,\"caption\":\"International\"},\"image\":{\"@id\":\"https:\/\/prograin.ca\/international\/#\/schema\/logo\/image\/\"}}]}<\/script>\n<!-- \/ Yoast SEO plugin. -->","yoast_head_json":{"title":"Prograin | La plus importante entreprise priv\u00e9e de soya \u00e0 valeur ajout\u00e9e au Canada","description":"Prograin poss\u00e8de une expertise exceptionnelle et des techniques de pointe dans le d\u00e9veloppement, le conditionnement, la transformation et la commercialisation de soya de qualit\u00e9 sup\u00e9rieure.","robots":{"index":"index","follow":"follow","max-snippet":"max-snippet:-1","max-image-preview":"max-image-preview:large","max-video-preview":"max-video-preview:-1"},"canonical":"https:\/\/prograin.ca\/international\/fr\/entreprise\/","og_locale":"fr_CA","og_type":"article","og_title":"Prograin | La plus importante entreprise priv\u00e9e de soya \u00e0 valeur ajout\u00e9e au Canada","og_description":"Prograin poss\u00e8de une expertise exceptionnelle et des techniques de pointe dans le d\u00e9veloppement, le conditionnement, la transformation et la commercialisation de soya de qualit\u00e9 sup\u00e9rieure.","og_url":"https:\/\/prograin.ca\/international\/fr\/entreprise\/","og_site_name":"International","article_modified_time":"2019-03-21T18:15:56+00:00","twitter_card":"summary_large_image","twitter_misc":{"Estimation du temps de lecture":"1 minute"},"schema":{"@context":"https:\/\/schema.org","@graph":[{"@type":"WebPage","@id":"https:\/\/prograin.ca\/international\/fr\/entreprise\/","url":"https:\/\/prograin.ca\/international\/fr\/entreprise\/","name":"Prograin | La plus importante entreprise priv\u00e9e de soya \u00e0 valeur ajout\u00e9e au Canada","isPartOf":{"@id":"https:\/\/prograin.ca\/international\/#website"},"datePublished":"2018-11-16T20:48:41+00:00","dateModified":"2019-03-21T18:15:56+00:00","description":"Prograin poss\u00e8de une expertise exceptionnelle et des techniques de pointe dans le d\u00e9veloppement, le conditionnement, la transformation et la commercialisation de soya de qualit\u00e9 sup\u00e9rieure.","breadcrumb":{"@id":"https:\/\/prograin.ca\/international\/fr\/entreprise\/#breadcrumb"},"inLanguage":"fr-CA","potentialAction":[{"@type":"ReadAction","target":["https:\/\/prograin.ca\/international\/fr\/entreprise\/"]}]},{"@type":"BreadcrumbList","@id":"https:\/\/prograin.ca\/international\/fr\/entreprise\/#breadcrumb","itemListElement":[{"@type":"ListItem","position":1,"name":"Home","item":"https:\/\/prograin.ca\/international\/fr\/"},{"@type":"ListItem","position":2,"name":"L&rsquo;entreprise"}]},{"@type":"WebSite","@id":"https:\/\/prograin.ca\/international\/#website","url":"https:\/\/prograin.ca\/international\/","name":"International","description":"Un site utilisant WordPress","publisher":{"@id":"https:\/\/prograin.ca\/international\/#organization"},"potentialAction":[{"@type":"SearchAction","target":{"@type":"EntryPoint","urlTemplate":"https:\/\/prograin.ca\/international\/?s={search_term_string}"},"query-input":"required name=search_term_string"}],"inLanguage":"fr-CA"},{"@type":"Organization","@id":"https:\/\/prograin.ca\/international\/#organization","name":"International","url":"https:\/\/prograin.ca\/international\/","logo":{"@type":"ImageObject","inLanguage":"fr-CA","@id":"https:\/\/prograin.ca\/international\/#\/schema\/logo\/image\/","url":"https:\/\/prograin.ca\/app\/uploads\/sites\/5\/2018\/11\/Prograin-logo-1.png","contentUrl":"https:\/\/prograin.ca\/app\/uploads\/sites\/5\/2018\/11\/Prograin-logo-1.png","width":352,"height":85,"caption":"International"},"image":{"@id":"https:\/\/prograin.ca\/international\/#\/schema\/logo\/image\/"}}]}},"featured_image_urls":{"full":"","thumbnail":"","medium":"","medium_large":"","large":"","1536x1536":"","2048x2048":"","menu-24x24":"","menu-36x36":"","menu-48x48":""},"post_excerpt_stackable":"<p>L&#8217;entreprise Notre expertise \u00e0 votre service Depuis 1980, nous sommes fiers de partager notre savoir-faire. Les valeurs de notre entreprise forgent notre identit\u00e9 et guident toutes nos d\u00e9cisions. POUR EN SAVOIR PLUS \u00c0 propos Notre mission D\u00e9velopper, conditionner, transformer et commercialiser efficacement des f\u00e8ves de soya de qualit\u00e9 sup\u00e9rieure afin de satisfaire les besoins sp\u00e9cifiques de notre client\u00e8le agricole et commerciale. POUR EN SAVOIR PLUS \u00c9quipe \u00c9quipe Dynamiques, proactifs et reconnus pour leur savoir-faire et leur professionnalisme, tous les membres de notre grande famille partagent une v\u00e9ritable passion pour le soya. POUR EN SAVOIR PLUS<\/p>\n","category_list":"","author_info":{"name":"developpe","url":"https:\/\/prograin.ca\/international\/author\/developpe\/"},"comments_num":"0 comments","featured_image_urls_v2":{"full":"","thumbnail":"","medium":"","medium_large":"","large":"","1536x1536":"","2048x2048":"","menu-24x24":"","menu-36x36":"","menu-48x48":""},"post_excerpt_stackable_v2":"<p>L&#8217;entreprise Notre expertise \u00e0 votre service Depuis 1980, nous sommes fiers de partager notre savoir-faire. Les valeurs de notre entreprise forgent notre identit\u00e9 et guident toutes nos d\u00e9cisions. POUR EN SAVOIR PLUS \u00c0 propos Notre mission D\u00e9velopper, conditionner, transformer et commercialiser efficacement des f\u00e8ves de soya de qualit\u00e9 sup\u00e9rieure afin de satisfaire les besoins sp\u00e9cifiques de notre client\u00e8le agricole et commerciale. POUR EN SAVOIR PLUS \u00c9quipe \u00c9quipe Dynamiques, proactifs et reconnus pour leur savoir-faire et leur professionnalisme, tous les membres de notre grande famille partagent une v\u00e9ritable passion pour le soya. POUR EN SAVOIR PLUS<\/p>\n","category_list_v2":"","author_info_v2":{"name":"developpe","url":"https:\/\/prograin.ca\/international\/author\/developpe\/"},"comments_num_v2":"0 comments","coauthors":[],"author_meta":{"author_link":"https:\/\/prograin.ca\/international\/author\/developpe\/","display_name":"developpe"},"relative_dates":{"created":"Posted 7 ann\u00e9es ago","modified":"Updated 7 ann\u00e9es ago"},"absolute_dates":{"created":"Posted on 16 novembre 2018","modified":"Updated on 21 mars 2019"},"absolute_dates_time":{"created":"Posted on 16 novembre 2018 20 h 48 min","modified":"Updated on 21 mars 2019 18 h 15 min"},"featured_img_caption":"","featured_img":false,"series_order":"","_links":{"self":[{"href":"https:\/\/prograin.ca\/international\/wp-json\/wp\/v2\/pages\/24"}],"collection":[{"href":"https:\/\/prograin.ca\/international\/wp-json\/wp\/v2\/pages"}],"about":[{"href":"https:\/\/prograin.ca\/international\/wp-json\/wp\/v2\/types\/page"}],"author":[{"embeddable":true,"href":"https:\/\/prograin.ca\/international\/wp-json\/wp\/v2\/users\/1"}],"replies":[{"embeddable":true,"href":"https:\/\/prograin.ca\/international\/wp-json\/wp\/v2\/comments?post=24"}],"version-history":[{"count":38,"href":"https:\/\/prograin.ca\/international\/wp-json\/wp\/v2\/pages\/24\/revisions"}],"predecessor-version":[{"id":22627,"href":"https:\/\/prograin.ca\/international\/wp-json\/wp\/v2\/pages\/24\/revisions\/22627"}],"wp:attachment":[{"href":"https:\/\/prograin.ca\/international\/wp-json\/wp\/v2\/media?parent=24"}],"curies":[{"name":"wp","href":"https:\/\/api.w.org\/{rel}","templated":true}]}}